{"id":984,"date":"2022-12-18T12:59:51","date_gmt":"2022-12-18T11:59:51","guid":{"rendered":"https:\/\/www.vintape.org\/?post_type=product&#038;p=984"},"modified":"2023-05-18T13:36:29","modified_gmt":"2023-05-18T12:36:29","slug":"ibrahim-tatlises-benim-hayatim-lp","status":"publish","type":"product","link":"https:\/\/www.vintape.org\/?product=ibrahim-tatlises-benim-hayatim-lp","title":{"rendered":"\u0130brahim Tatl\u0131ses &#8211; Benim Hayat\u0131m (LP)"},"content":{"rendered":"<p><strong>\u0130brahim Tatl\u0131ses &#8211; Benim Hayat\u0131m (Plak)<\/strong><\/p>\n<p>A Y\u00fcz\u00fc:<\/p>\n<p>1. Benim Hayat\u0131m<br \/>\n2. Yorgun<br \/>\n3. Ay\u015fem<br \/>\n4. Sevdaland\u0131m<br \/>\n5. Her Sevgide Bin Ah Ettim<br \/>\nB Y\u00fcz\u00fc:<\/p>\n<p><strong>1. Yarda Var<br \/>\n2. Ben Yetim<br \/>\n3. A\u011fam A\u011fam<br \/>\n4. Kara \u00dcz\u00fcm Habbesi<br \/>\n5. Tosuno<br \/>\n6. Dom Dom Kur\u015funu<\/strong><\/p>\n","protected":false},"excerpt":{"rendered":"<p>\u0130brahim Tatl\u0131ses &#8211; Benim Hayat\u0131m (Plak) A Y\u00fcz\u00fc: 1. Benim Hayat\u0131m 2. Yorgun 3. Ay\u015fem 4. Sevdaland\u0131m 5. Her Sevgide Bin Ah Ettim B Y\u00fcz\u00fc: 1. Yarda Var 2. Ben<\/p>\n","protected":false},"featured_media":985,"comment_status":"open","ping_status":"closed","template":"","meta":[],"product_cat":[173],"product_tag":[227,226,191,190],"class_list":{"0":"post-984","1":"product","2":"type-product","3":"status-publish","4":"has-post-thumbnail","6":"product_cat-vinyl","7":"product_tag-benim-hayatim","8":"product_tag-ibrahim-tatlises","9":"product_tag-lp","10":"product_tag-vinyl","12":"first","13":"outofstock","14":"shipping-taxable","15":"purchasable","16":"product-type-simple"},"_links":{"self":[{"href":"https:\/\/www.vintape.org\/index.php?rest_route=\/wp\/v2\/product\/984","targetHints":{"allow":["GET"]}}],"collection":[{"href":"https:\/\/www.vintape.org\/index.php?rest_route=\/wp\/v2\/product"}],"about":[{"href":"https:\/\/www.vintape.org\/index.php?rest_route=\/wp\/v2\/types\/product"}],"replies":[{"embeddable":true,"href":"https:\/\/www.vintape.org\/index.php?rest_route=%2Fwp%2Fv2%2Fcomments&post=984"}],"version-history":[{"count":0,"href":"https:\/\/www.vintape.org\/index.php?rest_route=\/wp\/v2\/product\/984\/revisions"}],"wp:featuredmedia":[{"embeddable":true,"href":"https:\/\/www.vintape.org\/index.php?rest_route=\/wp\/v2\/media\/985"}],"wp:attachment":[{"href":"https:\/\/www.vintape.org\/index.php?rest_route=%2Fwp%2Fv2%2Fmedia&parent=984"}],"wp:term":[{"taxonomy":"product_cat","embeddable":true,"href":"https:\/\/www.vintape.org\/index.php?rest_route=%2Fwp%2Fv2%2Fproduct_cat&post=984"},{"taxonomy":"product_tag","embeddable":true,"href":"https:\/\/www.vintape.org\/index.php?rest_route=%2Fwp%2Fv2%2Fproduct_tag&post=984"}],"curies":[{"name":"wp","href":"https:\/\/api.w.org\/{rel}","templated":true}]}}