{"id":972,"date":"2022-12-18T12:47:15","date_gmt":"2022-12-18T11:47:15","guid":{"rendered":"https:\/\/www.vintape.org\/?post_type=product&#038;p=972"},"modified":"2026-04-11T17:53:27","modified_gmt":"2026-04-11T16:53:27","slug":"erkin-koray-illa-ki-lp","status":"publish","type":"product","link":"https:\/\/www.vintape.org\/?product=erkin-koray-illa-ki-lp","title":{"rendered":"Erkin Koray &#8211; \u0130lla ki (LP)"},"content":{"rendered":"<p>Erkin Koray &#8211; \u0130lla ki\u00a0 (Turuncu Renkli Plak)<\/p>\n<p>A Y\u00fcz\u00fc:<\/p>\n<p>\u0130llaki<br \/>\nSarho\u015f Gibiyim<br \/>\nDeli Kad\u0131n<br \/>\nK\u0131zlar\u0131da Al\u0131n Askere<\/p>\n<p>B Y\u00fcz\u00fc:<\/p>\n<p>Bo\u015funa<br \/>\nTek Ba\u015f\u0131na<br \/>\nGel Bana G\u00fcle G\u00fcle<br \/>\nHop Hop Gelsin<\/p>\n","protected":false},"excerpt":{"rendered":"<p>Erkin Koray &#8211; \u0130lla ki\u00a0 (Turuncu Renkli Plak) A Y\u00fcz\u00fc: \u0130llaki Sarho\u015f Gibiyim Deli Kad\u0131n K\u0131zlar\u0131da Al\u0131n Askere B Y\u00fcz\u00fc: Bo\u015funa Tek Ba\u015f\u0131na Gel Bana G\u00fcle G\u00fcle Hop Hop Gelsin<\/p>\n","protected":false},"featured_media":973,"comment_status":"open","ping_status":"closed","template":"","meta":[],"product_cat":[173],"product_tag":[222,223,191,190],"class_list":{"0":"post-972","1":"product","2":"type-product","3":"status-publish","4":"has-post-thumbnail","6":"product_cat-vinyl","7":"product_tag-erkin-koray","8":"product_tag-illa-ki","9":"product_tag-lp","10":"product_tag-vinyl","12":"first","13":"instock","14":"shipping-taxable","15":"purchasable","16":"product-type-simple"},"_links":{"self":[{"href":"https:\/\/www.vintape.org\/index.php?rest_route=\/wp\/v2\/product\/972","targetHints":{"allow":["GET"]}}],"collection":[{"href":"https:\/\/www.vintape.org\/index.php?rest_route=\/wp\/v2\/product"}],"about":[{"href":"https:\/\/www.vintape.org\/index.php?rest_route=\/wp\/v2\/types\/product"}],"replies":[{"embeddable":true,"href":"https:\/\/www.vintape.org\/index.php?rest_route=%2Fwp%2Fv2%2Fcomments&post=972"}],"version-history":[{"count":0,"href":"https:\/\/www.vintape.org\/index.php?rest_route=\/wp\/v2\/product\/972\/revisions"}],"wp:featuredmedia":[{"embeddable":true,"href":"https:\/\/www.vintape.org\/index.php?rest_route=\/wp\/v2\/media\/973"}],"wp:attachment":[{"href":"https:\/\/www.vintape.org\/index.php?rest_route=%2Fwp%2Fv2%2Fmedia&parent=972"}],"wp:term":[{"taxonomy":"product_cat","embeddable":true,"href":"https:\/\/www.vintape.org\/index.php?rest_route=%2Fwp%2Fv2%2Fproduct_cat&post=972"},{"taxonomy":"product_tag","embeddable":true,"href":"https:\/\/www.vintape.org\/index.php?rest_route=%2Fwp%2Fv2%2Fproduct_tag&post=972"}],"curies":[{"name":"wp","href":"https:\/\/api.w.org\/{rel}","templated":true}]}}