{"id":968,"date":"2022-12-18T12:41:47","date_gmt":"2022-12-18T11:41:47","guid":{"rendered":"https:\/\/www.vintape.org\/?post_type=product&#038;p=968"},"modified":"2026-04-15T13:41:18","modified_gmt":"2026-04-15T12:41:18","slug":"mogollar-anilarla-siluetler-lp","status":"publish","type":"product","link":"https:\/\/www.vintape.org\/?product=mogollar-anilarla-siluetler-lp","title":{"rendered":"Mo\u011follar &#8211; An\u0131larla &amp; Sil\u00fcetler (LP)"},"content":{"rendered":"<p>&nbsp;<\/p>\n<p><span style=\"font-family: Tahoma\">Mo\u011follar &#8211; An\u0131larla &amp; Sil\u00fcetler (Plak)\u00a0\u00a0<\/span><\/p>\n<p>A Y\u00fcz\u00fc:<\/p>\n<p><span style=\"font-family: Tahoma\">\u00a0 1. Eastern Love (Kara Dut Parmak Gibi)<br \/>\n2. Sessiz Gemi<br \/>\n3. Ilgaz<br \/>\n4. \u0130ndim Havuz Ba\u015f\u0131na<br \/>\n5. Everlasting Love<br \/>\n6. Hard Work (Dar\u0131ld\u0131n M\u0131 G\u00fc\u015f\u00fcm Bana)<br \/>\n7. Art\u0131k \u00c7ok Ge\u00e7<br \/>\n8. Mektup<br \/>\n9. Kaleden Kaleye \u015eahin U\u00e7urdum<br \/>\n<\/span><\/p>\n<p><span style=\"font-family: Tahoma\">\u00a0B Y\u00fcz\u00fc:<\/span><\/p>\n<p><span style=\"font-family: Tahoma\">\u00a01. Lorke Lorke<br \/>\n2. Ali Baba<br \/>\n3. Ka\u015f\u0131k Havas\u0131<br \/>\n4. Kasap Havas\u0131<br \/>\n5. Sirto<br \/>\n6. Dede Efendi<br \/>\n7. Suya Giden All\u0131 Gelin<br \/>\n8. Ge\u00e7ti Dost Kervan\u0131<\/span><\/p>\n","protected":false},"excerpt":{"rendered":"<p>&nbsp; Mo\u011follar &#8211; An\u0131larla &amp; Sil\u00fcetler (Plak)\u00a0\u00a0 A Y\u00fcz\u00fc: \u00a0 1. Eastern Love (Kara Dut Parmak Gibi) 2. Sessiz Gemi 3. Ilgaz 4. \u0130ndim Havuz Ba\u015f\u0131na 5. Everlasting Love 6.<\/p>\n","protected":false},"featured_media":969,"comment_status":"open","ping_status":"closed","template":"","meta":[],"product_cat":[173],"product_tag":[221,191,220,190],"class_list":{"0":"post-968","1":"product","2":"type-product","3":"status-publish","4":"has-post-thumbnail","6":"product_cat-vinyl","7":"product_tag-anilarla-siluetler","8":"product_tag-lp","9":"product_tag-mogollar","10":"product_tag-vinyl","12":"first","13":"instock","14":"shipping-taxable","15":"purchasable","16":"product-type-simple"},"_links":{"self":[{"href":"https:\/\/www.vintape.org\/index.php?rest_route=\/wp\/v2\/product\/968","targetHints":{"allow":["GET"]}}],"collection":[{"href":"https:\/\/www.vintape.org\/index.php?rest_route=\/wp\/v2\/product"}],"about":[{"href":"https:\/\/www.vintape.org\/index.php?rest_route=\/wp\/v2\/types\/product"}],"replies":[{"embeddable":true,"href":"https:\/\/www.vintape.org\/index.php?rest_route=%2Fwp%2Fv2%2Fcomments&post=968"}],"version-history":[{"count":0,"href":"https:\/\/www.vintape.org\/index.php?rest_route=\/wp\/v2\/product\/968\/revisions"}],"wp:featuredmedia":[{"embeddable":true,"href":"https:\/\/www.vintape.org\/index.php?rest_route=\/wp\/v2\/media\/969"}],"wp:attachment":[{"href":"https:\/\/www.vintape.org\/index.php?rest_route=%2Fwp%2Fv2%2Fmedia&parent=968"}],"wp:term":[{"taxonomy":"product_cat","embeddable":true,"href":"https:\/\/www.vintape.org\/index.php?rest_route=%2Fwp%2Fv2%2Fproduct_cat&post=968"},{"taxonomy":"product_tag","embeddable":true,"href":"https:\/\/www.vintape.org\/index.php?rest_route=%2Fwp%2Fv2%2Fproduct_tag&post=968"}],"curies":[{"name":"wp","href":"https:\/\/api.w.org\/{rel}","templated":true}]}}