{"id":837,"date":"2022-12-03T12:41:17","date_gmt":"2022-12-03T11:41:17","guid":{"rendered":"https:\/\/www.vintape.org\/?post_type=product&#038;p=837"},"modified":"2022-12-03T12:45:09","modified_gmt":"2022-12-03T11:45:09","slug":"kadin-ve-penis","status":"publish","type":"product","link":"https:\/\/www.vintape.org\/?product=kadin-ve-penis","title":{"rendered":"Kad\u0131n ve Penis"},"content":{"rendered":"<p>Darwin, o\u011flu Francis&#8217;e bir g\u00fcn \u015f\u00f6yle der: Tavus ku\u015fu kuyru\u011funun \u00fczerindeki t\u00fcyler, her g\u00f6rd\u00fc\u011f\u00fcmde beni hasta ediyor. Tavus ku\u015funun t\u00fcyleri yarars\u0131z g\u00f6r\u00fcnmektedir ve ayn\u0131 zamanda bu t\u00fcyler tavus ku\u015funun hayatta kalabilmesini zorla\u015ft\u0131rmakta ve bu durum do\u011fal se\u00e7ilime ters g\u00f6r\u00fcnmektedir. \u00d6yle bir mekanizma olmal\u0131 ki bu t\u00fcylerin evrimsel s\u00fcre\u00e7teki varl\u0131\u011f\u0131n\u0131 a\u00e7\u0131klayabilsin. \u0130\u015fte Darwin bu noktada, e\u015f se\u00e7imine dayal\u0131 olan bu mekanizmay\u0131 \u00e7\u00f6zd\u00fc ve ad\u0131na e\u015feysel se\u00e7ilim dedi. Peki, evrimsel s\u00fcre\u00e7te, \u00f6zellikle insanlarda e\u015f se\u00e7imi nas\u0131l ger\u00e7ekle\u015fti?<\/p>\n<p>A\u015fk, insanlara \u00f6zg\u00fc bir yetenektir. Freud, a\u015fk\u0131n k\u00f6kenini \u00e7ocuklu\u011fa dayand\u0131r\u0131r. \u00c7ocuklukta edindi\u011fimiz deneyimlerin yok olmad\u0131\u011f\u0131n\u0131 ve bilin\u00e7alt\u0131nda durdu\u011funu s\u00f6yler. Romantik imgemizin de \u00e7ocukluk \u00e7a\u011f\u0131nda olu\u015farak a\u015fk ile bilin\u00e7alt\u0131nda ortaya \u00e7\u0131kmay\u0131 bekledi\u011fini ileri s\u00fcrer. Peki, a\u015fk, insan\u0131n e\u015feysel evriminin bir mekanizmas\u0131 olabilir mi? \u0130nsan evrimine psikanalitik bak\u0131\u015fla bakarsak kar\u015f\u0131m\u0131za neler \u00e7\u0131kar? E\u011fer Charles Darwin&#8217;in e\u015feysel se\u00e7imi ve Sigmund Freud&#8217;un bilin\u00e7alt\u0131 kuram\u0131 ile ilgileniyorsan\u0131z &#8216;a\u015fk&#8217;\u0131n insan evriminde olas\u0131 bir mekanizma olaca\u011f\u0131n\u0131 siz de g\u00f6rebilirsiniz. Hatta &#8216;a\u015fk&#8217;\u0131n bu evrimsel mekanizmas\u0131n\u0131 form\u00fcle bile edebilirsiniz.<\/p>\n<p>Sigmund Freud&#8217;un kara k\u0131ta dedi\u011fi kad\u0131n\u0131n ruhsal d\u00fcnyas\u0131na girmek ve bu ruhsal d\u00fcnyay\u0131 \u00e7\u00f6z\u00fcmlemek ku\u015fkusuz zor. Ancak bu ruhsal d\u00fcnyay\u0131 Freud zaten b\u00fcy\u00fck \u00f6l\u00e7\u00fcde \u00e7\u00f6zm\u00fc\u015ft\u00fc. Bu kitap kara k\u0131taya tutulmu\u015f bir \u0131\u015f\u0131kt\u0131r.<\/p>\n<p>E\u015f se\u00e7iminde a\u015fk, evrimsel bir mekanizma ise bu mekanizma nas\u0131l \u00e7al\u0131\u015fmaktad\u0131r? Bu mekanizman\u0131n bilin\u00e7alt\u0131nda yatan nedenleri nelerdir? Oedipus karma\u015fas\u0131 bu mekanizman\u0131n neresinde durmaktad\u0131r? Penis k\u0131skan\u00e7l\u0131\u011f\u0131 kad\u0131n ve erke\u011fi bir araya nas\u0131l getirir? E\u015f se\u00e7iminde hangi \u00f6zellikler \u00e7ekici bulunmaktad\u0131r? Bu \u00f6zelliklerin se\u00e7iminde rol oynayan genetik ve bilin\u00e7alt\u0131 nedenler nelerdir? Genleri bencil olanlar m\u0131 se\u00e7ilmektedir? A\u015fk, kad\u0131n\u0131n erkekten \u00f6\u00e7 almas\u0131n\u0131n bir arac\u0131 m\u0131d\u0131r? Bunun gibi bir\u00e7ok sorunun yan\u0131t\u0131n\u0131 bu kitapta sa\u011flam kaynaklara dayand\u0131r\u0131lm\u0131\u015f bi\u00e7imde bulabilirsiniz.<\/p>\n","protected":false},"excerpt":{"rendered":"<p>Darwin, o\u011flu Francis&#8217;e bir g\u00fcn \u015f\u00f6yle der: Tavus ku\u015fu kuyru\u011funun \u00fczerindeki t\u00fcyler, her g\u00f6rd\u00fc\u011f\u00fcmde beni hasta ediyor. Tavus ku\u015funun t\u00fcyleri yarars\u0131z g\u00f6r\u00fcnmektedir ve ayn\u0131 zamanda bu t\u00fcyler tavus ku\u015funun hayatta<\/p>\n","protected":false},"featured_media":838,"comment_status":"open","ping_status":"closed","template":"","meta":[],"product_cat":[176],"product_tag":[],"class_list":{"0":"post-837","1":"product","2":"type-product","3":"status-publish","4":"has-post-thumbnail","6":"product_cat-book","8":"first","9":"instock","10":"shipping-taxable","11":"purchasable","12":"product-type-simple"},"_links":{"self":[{"href":"https:\/\/www.vintape.org\/index.php?rest_route=\/wp\/v2\/product\/837","targetHints":{"allow":["GET"]}}],"collection":[{"href":"https:\/\/www.vintape.org\/index.php?rest_route=\/wp\/v2\/product"}],"about":[{"href":"https:\/\/www.vintape.org\/index.php?rest_route=\/wp\/v2\/types\/product"}],"replies":[{"embeddable":true,"href":"https:\/\/www.vintape.org\/index.php?rest_route=%2Fwp%2Fv2%2Fcomments&post=837"}],"version-history":[{"count":0,"href":"https:\/\/www.vintape.org\/index.php?rest_route=\/wp\/v2\/product\/837\/revisions"}],"wp:featuredmedia":[{"embeddable":true,"href":"https:\/\/www.vintape.org\/index.php?rest_route=\/wp\/v2\/media\/838"}],"wp:attachment":[{"href":"https:\/\/www.vintape.org\/index.php?rest_route=%2Fwp%2Fv2%2Fmedia&parent=837"}],"wp:term":[{"taxonomy":"product_cat","embeddable":true,"href":"https:\/\/www.vintape.org\/index.php?rest_route=%2Fwp%2Fv2%2Fproduct_cat&post=837"},{"taxonomy":"product_tag","embeddable":true,"href":"https:\/\/www.vintape.org\/index.php?rest_route=%2Fwp%2Fv2%2Fproduct_tag&post=837"}],"curies":[{"name":"wp","href":"https:\/\/api.w.org\/{rel}","templated":true}]}}