{"id":737,"date":"2022-11-21T15:43:21","date_gmt":"2022-11-21T14:43:21","guid":{"rendered":"https:\/\/www.vintape.org\/?post_type=product&#038;p=737"},"modified":"2026-04-15T13:42:30","modified_gmt":"2026-04-15T12:42:30","slug":"zeki-muren-klasikler-5-lp","status":"publish","type":"product","link":"https:\/\/www.vintape.org\/?product=zeki-muren-klasikler-5-lp","title":{"rendered":"Zeki M\u00fcren &#8211; Klasikler 5 (LP)"},"content":{"rendered":"<p>Zeki M\u00fcren &#8211; Klasikler 5 \/ An\u0131lar\u0131m (Plak)<\/p>\n<p><strong>A Y\u00fcz\u00fc:<\/strong><\/p>\n<p>Sevemez Kimse Seni<\/p>\n<p>Bir Yang\u0131n\u0131n K\u00fcl\u00fcn\u00fc<\/p>\n<p>Yar\u0131m Kalan A\u015fk<\/p>\n<p>Benimde Can\u0131m Var<\/p>\n<p>A\u015fk\u0131n Kanunu<\/p>\n<p>Ar\u0131m Bal\u0131m Pete\u011fim<\/p>\n<p>&nbsp;<\/p>\n<p><strong>B Y\u00fcz\u00fc:<\/strong><\/p>\n<p>&nbsp;<\/p>\n<p>Ne \u00c7\u0131kar Baht\u0131m\u0131zda<\/p>\n<p>K\u0131skan\u0131r\u0131m<\/p>\n<p>G\u00f6ky\u00fcz\u00fcnde Yaln\u0131z Gezen Y\u0131ld\u0131zlar<\/p>\n<p>\u00d6mr\u00fcmce Hep Ad\u0131m Ad\u0131m<\/p>\n<p>A\u011flama De\u011fmez Hayat<\/p>\n<p>Gizli A\u015fk<\/p>\n","protected":false},"excerpt":{"rendered":"<p>Zeki M\u00fcren &#8211; Klasikler 5 \/ An\u0131lar\u0131m (Plak) A Y\u00fcz\u00fc: Sevemez Kimse Seni Bir Yang\u0131n\u0131n K\u00fcl\u00fcn\u00fc Yar\u0131m Kalan A\u015fk Benimde Can\u0131m Var A\u015fk\u0131n Kanunu Ar\u0131m Bal\u0131m Pete\u011fim &nbsp; B Y\u00fcz\u00fc:<\/p>\n","protected":false},"featured_media":738,"comment_status":"open","ping_status":"closed","template":"","meta":[],"product_cat":[173],"product_tag":[],"class_list":{"0":"post-737","1":"product","2":"type-product","3":"status-publish","4":"has-post-thumbnail","6":"product_cat-vinyl","8":"first","9":"instock","10":"shipping-taxable","11":"purchasable","12":"product-type-simple"},"_links":{"self":[{"href":"https:\/\/www.vintape.org\/index.php?rest_route=\/wp\/v2\/product\/737","targetHints":{"allow":["GET"]}}],"collection":[{"href":"https:\/\/www.vintape.org\/index.php?rest_route=\/wp\/v2\/product"}],"about":[{"href":"https:\/\/www.vintape.org\/index.php?rest_route=\/wp\/v2\/types\/product"}],"replies":[{"embeddable":true,"href":"https:\/\/www.vintape.org\/index.php?rest_route=%2Fwp%2Fv2%2Fcomments&post=737"}],"version-history":[{"count":0,"href":"https:\/\/www.vintape.org\/index.php?rest_route=\/wp\/v2\/product\/737\/revisions"}],"wp:featuredmedia":[{"embeddable":true,"href":"https:\/\/www.vintape.org\/index.php?rest_route=\/wp\/v2\/media\/738"}],"wp:attachment":[{"href":"https:\/\/www.vintape.org\/index.php?rest_route=%2Fwp%2Fv2%2Fmedia&parent=737"}],"wp:term":[{"taxonomy":"product_cat","embeddable":true,"href":"https:\/\/www.vintape.org\/index.php?rest_route=%2Fwp%2Fv2%2Fproduct_cat&post=737"},{"taxonomy":"product_tag","embeddable":true,"href":"https:\/\/www.vintape.org\/index.php?rest_route=%2Fwp%2Fv2%2Fproduct_tag&post=737"}],"curies":[{"name":"wp","href":"https:\/\/api.w.org\/{rel}","templated":true}]}}