{"id":570,"date":"2020-11-11T15:20:28","date_gmt":"2020-11-11T14:20:28","guid":{"rendered":"https:\/\/www.vintape.org\/?post_type=product&#038;p=570"},"modified":"2023-03-17T23:59:53","modified_gmt":"2023-03-17T22:59:53","slug":"dusunbil-sayi-94","status":"publish","type":"product","link":"https:\/\/www.vintape.org\/?product=dusunbil-sayi-94","title":{"rendered":"D\u00fc\u015f\u00fcnbil Say\u0131 94"},"content":{"rendered":"<div class=\"_2cuy _3dgx\">\n<div class=\"_1mf _1mj\">\n<div class=\"_2cuy _3dgx\">\n<div class=\"_1mf _1mj\">\n<div class=\"_2cuy _3dgx\">\n<div class=\"_1mf _1mj\">\n<div class=\"_2cuy _3dgx\">\n<div class=\"_1mf _1mj\">\n<div class=\"_2cuy _3dgx\">\n<div class=\"_1mf _1mj\">\n<div class=\"_2cuy _3dgx\">\n<div class=\"_1mf _1mj\">\n<div class=\"_2cuy _3dgx\">\n<div class=\"_1mf _1mj\">\n<div class=\"_2cuy _3dgx\">\n<div class=\"_1mf _1mj\">\n<div class=\"_2cuy _3dgx\">\n<div class=\"_1mf _1mj\">\n<div class=\"_2cuy _3dgx\">\n<div class=\"_1mf _1mj\">\n<div class=\"_2cuy _3dgx\">\n<div class=\"_1mf _1mj\">\n<div class=\"_2cuy _3dgx\">\n<div class=\"_1mf _1mj\">\n<div class=\"_2cuy _3dgx\">\n<div class=\"_1mf _1mj\">\n<div class=\"_2cuy _3dgx\">\n<div class=\"_1mf _1mj\">\n<div class=\"_2cuy _3dgx\">\n<div class=\"_1mf _1mj\">\n<div><span style=\"color: #000000;\"><b>\u0130\u00c7\u0130NDEK\u0130LER<br \/>\n<\/b><strong><br \/>\nFelsefe, Edebiyat ve \u015eiir \u00dczerine<br \/>\n<\/strong>Ala Emire D. Ersoy<\/span><\/div>\n<div><span style=\"color: #000000;\"><strong><br \/>\nAynalar, Lacan ve Joyce: Teori, Psikanaliz ve Edebiyat<br \/>\n<\/strong>Beryl Schlossman<\/span><\/div>\n<div><span style=\"color: #000000;\"><br \/>\n<strong>Edebiyat\u0131n S\u00f6yledi\u011fi Felsefenin Sordu\u011fu<br \/>\n<\/strong>Fatma Bur\u00e7ak<\/span><\/div>\n<div><span style=\"color: #000000;\"><br \/>\n<strong>Kafka\u2019n\u0131n Eserlerinde Alegori \u00d6tesi<br \/>\n<\/strong>Wilhelm Emrich<\/span><\/div>\n<div><span style=\"color: #000000;\"><br \/>\n<strong>A\u015fk\u2019\u0131n Felsefi ve Edebi S\u00f6ylemi<br \/>\n<\/strong>Bar\u0131\u015f \u00c7okaz<\/span><\/div>\n<div><span style=\"color: #000000;\"><br \/>\n<strong>Do\u011fa\/Uygarl\u0131k ve \u0130deoloji\/Ger\u00e7eklik \u00c7eli\u015fkisinde Sosyal Teorilerin Psikanalitik ve Felsefi Yorumu<br \/>\n<\/strong>Olcay Y\u0131lmaz<\/span><\/div>\n<div><span style=\"color: #000000;\"><br \/>\n<strong>Nietzsche\u2019de Nihilizm ve Perspektivizm<br \/>\n<\/strong>Tu\u011f\u00e7e \u00c7ifci<\/span><\/div>\n<div><span style=\"color: #000000;\"><br \/>\n<strong>\u015ei\u015fedeki Mesaj: Be\u015f Milyar Y\u0131ll\u0131k Yaln\u0131zl\u0131k<br \/>\n<\/strong>\u00d6. Faruk K\u0131rmac\u0131<\/span><\/div>\n<div><span style=\"color: #000000;\"><br \/>\n<strong>G\u00fc\u00e7 Olarak Sanat<br \/>\n<\/strong>Yasemin \u015eenyurt<strong><br \/>\n<\/strong><\/span><\/div>\n<div><\/div>\n<div>\n<p><span style=\"color: #000000;\"><strong>Felsefe<\/strong> D\u00fcnyas\u0131<\/span><\/p>\n<\/div>\n<\/div>\n<\/div>\n<\/div>\n<\/div>\n<\/div>\n<\/div>\n<\/div>\n<\/div>\n<\/div>\n<\/div>\n<\/div>\n<\/div>\n<\/div>\n<\/div>\n<\/div>\n<\/div>\n<\/div>\n<\/div>\n<\/div>\n<\/div>\n<\/div>\n<\/div>\n<\/div>\n<\/div>\n<\/div>\n<\/div>\n<\/div>\n<\/div>\n<\/div>\n<\/div>\n","protected":false},"excerpt":{"rendered":"<p>\u0130\u00c7\u0130NDEK\u0130LER Felsefe, Edebiyat ve \u015eiir \u00dczerine Ala Emire D. Ersoy Aynalar, Lacan ve Joyce: Teori, Psikanaliz ve Edebiyat Beryl Schlossman Edebiyat\u0131n S\u00f6yledi\u011fi Felsefenin Sordu\u011fu Fatma Bur\u00e7ak Kafka\u2019n\u0131n Eserlerinde Alegori \u00d6tesi<\/p>\n","protected":false},"featured_media":571,"comment_status":"open","ping_status":"closed","template":"","meta":[],"product_cat":[21],"product_tag":[153,24,25,152,151,155,154],"class_list":{"0":"post-570","1":"product","2":"type-product","3":"status-publish","4":"has-post-thumbnail","6":"product_cat-magazine","7":"product_tag-anlam","8":"product_tag-dusunbil","9":"product_tag-felsefe","10":"product_tag-mit","11":"product_tag-mitoloji","12":"product_tag-soz","13":"product_tag-yazi","15":"first","16":"instock","17":"shipping-taxable","18":"purchasable","19":"product-type-simple"},"_links":{"self":[{"href":"https:\/\/www.vintape.org\/index.php?rest_route=\/wp\/v2\/product\/570","targetHints":{"allow":["GET"]}}],"collection":[{"href":"https:\/\/www.vintape.org\/index.php?rest_route=\/wp\/v2\/product"}],"about":[{"href":"https:\/\/www.vintape.org\/index.php?rest_route=\/wp\/v2\/types\/product"}],"replies":[{"embeddable":true,"href":"https:\/\/www.vintape.org\/index.php?rest_route=%2Fwp%2Fv2%2Fcomments&post=570"}],"version-history":[{"count":0,"href":"https:\/\/www.vintape.org\/index.php?rest_route=\/wp\/v2\/product\/570\/revisions"}],"wp:featuredmedia":[{"embeddable":true,"href":"https:\/\/www.vintape.org\/index.php?rest_route=\/wp\/v2\/media\/571"}],"wp:attachment":[{"href":"https:\/\/www.vintape.org\/index.php?rest_route=%2Fwp%2Fv2%2Fmedia&parent=570"}],"wp:term":[{"taxonomy":"product_cat","embeddable":true,"href":"https:\/\/www.vintape.org\/index.php?rest_route=%2Fwp%2Fv2%2Fproduct_cat&post=570"},{"taxonomy":"product_tag","embeddable":true,"href":"https:\/\/www.vintape.org\/index.php?rest_route=%2Fwp%2Fv2%2Fproduct_tag&post=570"}],"curies":[{"name":"wp","href":"https:\/\/api.w.org\/{rel}","templated":true}]}}