{"id":564,"date":"2020-11-11T15:14:46","date_gmt":"2020-11-11T12:14:46","guid":{"rendered":"https:\/\/www.vintape.org\/?post_type=product&#038;p=564"},"modified":"2025-12-02T21:58:45","modified_gmt":"2025-12-02T20:58:45","slug":"dusunbil-sayi-91","status":"publish","type":"product","link":"https:\/\/www.vintape.org\/?product=dusunbil-sayi-91","title":{"rendered":"D\u00fc\u015f\u00fcnbil Say\u0131 91"},"content":{"rendered":"<div class=\"_2cuy _3dgx\">\n<div class=\"_1mf _1mj\">\n<div class=\"_2cuy _3dgx\">\n<div class=\"_1mf _1mj\">\n<div class=\"_2cuy _3dgx\">\n<div class=\"_1mf _1mj\">\n<div class=\"_2cuy _3dgx\">\n<div class=\"_1mf _1mj\">\n<div class=\"_2cuy _3dgx\">\n<div class=\"_1mf _1mj\">\n<div class=\"_2cuy _3dgx\">\n<div class=\"_1mf _1mj\">\n<div class=\"_2cuy _3dgx\">\n<div class=\"_1mf _1mj\">\n<div class=\"_2cuy _3dgx\">\n<div class=\"_1mf _1mj\">\n<div class=\"_2cuy _3dgx\">\n<div class=\"_1mf _1mj\">\n<div><span style=\"color: #000000;\"><b>\u0130\u00c7\u0130NDEK\u0130LER<\/b><\/span><\/div>\n<div><\/div>\n<div>\n<p><strong>Korona Zamanlar\u0131nda Kapanma: <\/strong><strong>\u0130\u00e7erisi ve D\u0131\u015far\u0131s\u0131n\u0131 Yeniden D\u00fc\u015f\u00fcnmek<\/strong><br \/>\nSaim Can Beritan<\/p>\n<p><strong>Metropol\u00fcn Ba\u011flamsal Bir Okumas\u0131: Covid-19 ve \u0130zlenimler<\/strong><br \/>\nBerk Erdem<\/p>\n<p><strong>Ulu \u015eef Seattle\u2019dan \u017di\u017eek\u2019e\u2026 \u0130nsan ve Vir\u00fcs<\/strong><br \/>\n\u0130lkay Tuzcu T\u0131\u011fl\u0131<\/p>\n<p><strong>Korona G\u00fcnlerinde Varolu\u015fumuzla Y\u00fczle\u015fmek ve Birlikte Var Olmaya Davet<\/strong><br \/>\nYeliz Bahad\u0131r<\/p>\n<p><strong>Benlik ve Hakikatin Oyun Bozumu: Pandemi\/Covid-19<\/strong><br \/>\nServan Sar\u0131han<\/p>\n<p><strong>\u201c\u00d6l\u00fcme Kar\u015f\u0131 Koyacak Bir Bitki Yok\u201d: Tarihteki Salg\u0131n Hastal\u0131klarla M\u00fccadelede T\u00fcketim Maddeleri<\/strong><br \/>\nCeren Bozkurt<\/p>\n<p><strong>Sosyal Medyada Maskesiz Dola\u015fmay\u0131n!<\/strong><br \/>\nTahsin Eren Sayar<\/p>\n<p><strong>D\u00fcalizm H\u00e2lleri <\/strong><br \/>\nBerkay Co\u015fkun<\/p>\n<p><strong>K\u0131l\u0131ks\u0131zl\u0131k Senfonisi<\/strong><br \/>\nMert Aldemir<\/p>\n<p><strong>\u201cZihinsel Bir \u00d6l\u00fcm\u201d ve \u201cKatip Bartleby\u201d: Bir Problem Olarak Korku<\/strong><br \/>\nEzgi Can<\/p>\n<p><strong>Yeni Zihin Felsefesi<\/strong><br \/>\nEngin Erkiner<\/p>\n<p><strong>Felsefe D\u00fcnyas\u0131<\/strong><\/p>\n<\/div>\n<\/div>\n<\/div>\n<\/div>\n<\/div>\n<\/div>\n<\/div>\n<\/div>\n<\/div>\n<\/div>\n<\/div>\n<\/div>\n<\/div>\n<\/div>\n<\/div>\n<\/div>\n<\/div>\n<\/div>\n<\/div>\n","protected":false},"excerpt":{"rendered":"<p>\u0130\u00c7\u0130NDEK\u0130LER Korona Zamanlar\u0131nda Kapanma: \u0130\u00e7erisi ve D\u0131\u015far\u0131s\u0131n\u0131 Yeniden D\u00fc\u015f\u00fcnmek Saim Can Beritan Metropol\u00fcn Ba\u011flamsal Bir Okumas\u0131: Covid-19 ve \u0130zlenimler Berk Erdem Ulu \u015eef Seattle\u2019dan \u017di\u017eek\u2019e\u2026 \u0130nsan ve Vir\u00fcs \u0130lkay Tuzcu<\/p>\n","protected":false},"featured_media":565,"comment_status":"open","ping_status":"closed","template":"","meta":[],"product_cat":[21],"product_tag":[153,24,25,152,151,155,154],"class_list":{"0":"post-564","1":"product","2":"type-product","3":"status-publish","4":"has-post-thumbnail","6":"product_cat-magazine","7":"product_tag-anlam","8":"product_tag-dusunbil","9":"product_tag-felsefe","10":"product_tag-mit","11":"product_tag-mitoloji","12":"product_tag-soz","13":"product_tag-yazi","15":"first","16":"instock","17":"shipping-taxable","18":"purchasable","19":"product-type-simple"},"_links":{"self":[{"href":"https:\/\/www.vintape.org\/index.php?rest_route=\/wp\/v2\/product\/564","targetHints":{"allow":["GET"]}}],"collection":[{"href":"https:\/\/www.vintape.org\/index.php?rest_route=\/wp\/v2\/product"}],"about":[{"href":"https:\/\/www.vintape.org\/index.php?rest_route=\/wp\/v2\/types\/product"}],"replies":[{"embeddable":true,"href":"https:\/\/www.vintape.org\/index.php?rest_route=%2Fwp%2Fv2%2Fcomments&post=564"}],"version-history":[{"count":1,"href":"https:\/\/www.vintape.org\/index.php?rest_route=\/wp\/v2\/product\/564\/revisions"}],"predecessor-version":[{"id":1287,"href":"https:\/\/www.vintape.org\/index.php?rest_route=\/wp\/v2\/product\/564\/revisions\/1287"}],"wp:featuredmedia":[{"embeddable":true,"href":"https:\/\/www.vintape.org\/index.php?rest_route=\/wp\/v2\/media\/565"}],"wp:attachment":[{"href":"https:\/\/www.vintape.org\/index.php?rest_route=%2Fwp%2Fv2%2Fmedia&parent=564"}],"wp:term":[{"taxonomy":"product_cat","embeddable":true,"href":"https:\/\/www.vintape.org\/index.php?rest_route=%2Fwp%2Fv2%2Fproduct_cat&post=564"},{"taxonomy":"product_tag","embeddable":true,"href":"https:\/\/www.vintape.org\/index.php?rest_route=%2Fwp%2Fv2%2Fproduct_tag&post=564"}],"curies":[{"name":"wp","href":"https:\/\/api.w.org\/{rel}","templated":true}]}}