{"id":322,"date":"2019-10-04T15:05:47","date_gmt":"2019-10-04T12:05:47","guid":{"rendered":"https:\/\/www.vintape.org\/urun\/import-placeholder-for-10216\/"},"modified":"2022-11-20T21:34:10","modified_gmt":"2022-11-20T20:34:10","slug":"libido-sayi-34","status":"publish","type":"product","link":"https:\/\/www.vintape.org\/?product=libido-sayi-34","title":{"rendered":"Libido Say\u0131 34"},"content":{"rendered":"<div class=\"_2cuy _3dgx\">\n<div class=\"_1mf _1mj\">\n<p><strong>\u0130\u00c7\u0130NDEK\u0130LER<\/strong><\/p>\n<p>Dostoyevski\u2019nin \u00d6teki Roman\u0131 ve<br \/>\nLacan\u2019\u0131n \u00d6teki Kavram\u0131<br \/>\nYazan: Mutluhan \u0130zmir<\/p>\n<p>Dostoyevski ve Psikanaliz<br \/>\nYazan: Ruth Yvonne Pavlovic,<\/p>\n<p>Alexandar Mido Pavlovic<br \/>\n\u00c7eviren:J\u00fclide Yap\u0131c\u0131<\/p>\n<p>Dostoyevski: Ta\u015fral\u0131, Kaba ve Dahi<br \/>\nYazan: Halit Payza<\/p>\n<p>\u0130lhan Berk ve Cinsellik \u00dczerine<br \/>\nYazan: Nejan Tulgar<\/p>\n<p>Ta\u015fran\u0131n Ahlak D\u00f6ng\u00fcs\u00fc: Babalar ve O\u011fullar\u0131<br \/>\nYazan: \u015eahabettin \u00c7etin<\/p>\n<p>Toplumda Kad\u0131n ve Erkek<br \/>\nYazan: Serhat \u00c7akabey<\/p>\n<p>Psikanaliz ve Psikolojinin Marksizm \u0130\u00e7indeki \u201cBo\u015f Yeri\u201d<br \/>\nYazan: Frank Brenner<br \/>\n\u00c7eviren Bar\u0131\u015f Solmaz<\/p>\n<p>Yeni Solun Ele\u015ftirisi ve Herbert Marcuse<br \/>\nYazan: Maurice Cranston<br \/>\n\u00c7eviren: F. Sanem<\/p>\n<p>Ruh ve Madde: Freud ve Marx<br \/>\nYazan: Frederik Hackeer<br \/>\n\u00c7eviren: Ender G\u00fcrol<\/p>\n<\/div>\n<\/div>\n","protected":false},"excerpt":{"rendered":"<p>\u0130\u00c7\u0130NDEK\u0130LER Dostoyevski\u2019nin \u00d6teki Roman\u0131 ve Lacan\u2019\u0131n \u00d6teki Kavram\u0131 Yazan: Mutluhan \u0130zmir Dostoyevski ve Psikanaliz Yazan: Ruth Yvonne Pavlovic, Alexandar Mido Pavlovic \u00c7eviren:J\u00fclide Yap\u0131c\u0131 Dostoyevski: Ta\u015fral\u0131, Kaba ve Dahi Yazan: Halit<\/p>\n","protected":false},"featured_media":344,"comment_status":"open","ping_status":"closed","template":"","meta":[],"product_cat":[15],"product_tag":[145,146,107,59,37,74,75],"class_list":{"0":"post-322","1":"product","2":"type-product","3":"status-publish","4":"has-post-thumbnail","6":"product_cat-genel","7":"product_tag-dostoyevski","8":"product_tag-herbert-marcuse","9":"product_tag-libido","10":"product_tag-marksizm","11":"product_tag-marx","12":"product_tag-psikanaliz","13":"product_tag-sigmund-freud","15":"first","16":"outofstock","17":"shipping-taxable","18":"purchasable","19":"product-type-simple"},"_links":{"self":[{"href":"https:\/\/www.vintape.org\/index.php?rest_route=\/wp\/v2\/product\/322","targetHints":{"allow":["GET"]}}],"collection":[{"href":"https:\/\/www.vintape.org\/index.php?rest_route=\/wp\/v2\/product"}],"about":[{"href":"https:\/\/www.vintape.org\/index.php?rest_route=\/wp\/v2\/types\/product"}],"replies":[{"embeddable":true,"href":"https:\/\/www.vintape.org\/index.php?rest_route=%2Fwp%2Fv2%2Fcomments&post=322"}],"version-history":[{"count":0,"href":"https:\/\/www.vintape.org\/index.php?rest_route=\/wp\/v2\/product\/322\/revisions"}],"wp:featuredmedia":[{"embeddable":true,"href":"https:\/\/www.vintape.org\/index.php?rest_route=\/wp\/v2\/media\/344"}],"wp:attachment":[{"href":"https:\/\/www.vintape.org\/index.php?rest_route=%2Fwp%2Fv2%2Fmedia&parent=322"}],"wp:term":[{"taxonomy":"product_cat","embeddable":true,"href":"https:\/\/www.vintape.org\/index.php?rest_route=%2Fwp%2Fv2%2Fproduct_cat&post=322"},{"taxonomy":"product_tag","embeddable":true,"href":"https:\/\/www.vintape.org\/index.php?rest_route=%2Fwp%2Fv2%2Fproduct_tag&post=322"}],"curies":[{"name":"wp","href":"https:\/\/api.w.org\/{rel}","templated":true}]}}