{"id":237,"date":"2019-10-04T01:33:46","date_gmt":"2019-10-03T22:33:46","guid":{"rendered":"https:\/\/www.vintape.org\/urun\/import-placeholder-for-1271\/"},"modified":"2020-11-11T14:32:45","modified_gmt":"2020-11-11T11:32:45","slug":"dusunbil-kavramlar-seti","status":"publish","type":"product","link":"https:\/\/www.vintape.org\/?product=dusunbil-kavramlar-seti","title":{"rendered":"D\u00fc\u015f\u00fcnbil Kavramlar Seti"},"content":{"rendered":"<p>D\u00fc\u015f\u00fcnbil Say\u0131 61<br \/>\nD\u00fc\u015f\u00fcnbil Say\u0131 64<br \/>\nD\u00fc\u015f\u00fcnbil Say\u0131 66<br \/>\nD\u00fc\u015f\u00fcnbil Say\u0131 68<br \/>\nD\u00fc\u015f\u00fcnbil Say\u0131 70<br \/>\nD\u00fc\u015f\u00fcnbil Say\u0131 72<br \/>\nD\u00fc\u015f\u00fcnbil Say\u0131 74<\/p>\n","protected":false},"excerpt":{"rendered":"<p>D\u00fc\u015f\u00fcnbil 61<br \/>\nD\u00fc\u015f\u00fcnbil 64<br \/>\nD\u00fc\u015f\u00fcnbil 66<br \/>\nD\u00fc\u015f\u00fcnbil 68<br \/>\nD\u00fc\u015f\u00fcnbil 70<br \/>\nD\u00fc\u015f\u00fcnbil 72<\/p>\n","protected":false},"featured_media":257,"comment_status":"open","ping_status":"closed","template":"","meta":[],"product_cat":[15],"product_tag":[23,24,25,40,109],"class_list":{"0":"post-237","1":"product","2":"type-product","3":"status-publish","4":"has-post-thumbnail","6":"product_cat-genel","7":"product_tag-dergi","8":"product_tag-dusunbil","9":"product_tag-felsefe","10":"product_tag-kampanya","11":"product_tag-kavram","13":"first","14":"outofstock","15":"sale","16":"shipping-taxable","17":"purchasable","18":"product-type-simple"},"_links":{"self":[{"href":"https:\/\/www.vintape.org\/index.php?rest_route=\/wp\/v2\/product\/237","targetHints":{"allow":["GET"]}}],"collection":[{"href":"https:\/\/www.vintape.org\/index.php?rest_route=\/wp\/v2\/product"}],"about":[{"href":"https:\/\/www.vintape.org\/index.php?rest_route=\/wp\/v2\/types\/product"}],"replies":[{"embeddable":true,"href":"https:\/\/www.vintape.org\/index.php?rest_route=%2Fwp%2Fv2%2Fcomments&post=237"}],"version-history":[{"count":0,"href":"https:\/\/www.vintape.org\/index.php?rest_route=\/wp\/v2\/product\/237\/revisions"}],"wp:featuredmedia":[{"embeddable":true,"href":"https:\/\/www.vintape.org\/index.php?rest_route=\/wp\/v2\/media\/257"}],"wp:attachment":[{"href":"https:\/\/www.vintape.org\/index.php?rest_route=%2Fwp%2Fv2%2Fmedia&parent=237"}],"wp:term":[{"taxonomy":"product_cat","embeddable":true,"href":"https:\/\/www.vintape.org\/index.php?rest_route=%2Fwp%2Fv2%2Fproduct_cat&post=237"},{"taxonomy":"product_tag","embeddable":true,"href":"https:\/\/www.vintape.org\/index.php?rest_route=%2Fwp%2Fv2%2Fproduct_tag&post=237"}],"curies":[{"name":"wp","href":"https:\/\/api.w.org\/{rel}","templated":true}]}}