{"id":235,"date":"2019-10-04T01:33:46","date_gmt":"2019-10-03T22:33:46","guid":{"rendered":"https:\/\/www.vintape.org\/urun\/import-placeholder-for-1120\/"},"modified":"2020-11-11T14:32:19","modified_gmt":"2020-11-11T11:32:19","slug":"libido-eski-sayilar","status":"publish","type":"product","link":"https:\/\/www.vintape.org\/?product=libido-eski-sayilar","title":{"rendered":"Libido Eski Say\u0131lar"},"content":{"rendered":"<p>Toplam 13 adet<\/p>\n<p>Libido Say\u0131 17<br \/>\nLibido Say\u0131 18<br \/>\nLibido Say\u0131 19<br \/>\nLibido Say\u0131 24<br \/>\nLibido Say\u0131 25\/26<br \/>\nLibido Say\u0131\u00a027<br \/>\nLibido Say\u0131\u00a028<br \/>\nLibido Say\u0131\u00a029<br \/>\nLibido Say\u0131\u00a030<br \/>\nLibido Say\u0131 31<br \/>\nLibido Say\u0131 32<br \/>\nLibido Say\u0131 33<br \/>\nLibido Say\u0131 34<\/p>\n","protected":false},"excerpt":{"rendered":"<p>Toplam 13 adet Libido Say\u0131 17 Libido Say\u0131 18 Libido Say\u0131 19 Libido Say\u0131 24 Libido Say\u0131 25\/26 Libido Say\u0131\u00a027 Libido Say\u0131\u00a028 Libido Say\u0131\u00a029 Libido Say\u0131\u00a030 Libido Say\u0131 31 Libido<\/p>\n","protected":false},"featured_media":255,"comment_status":"open","ping_status":"closed","template":"","meta":[],"product_cat":[15],"product_tag":[23,40,107],"class_list":{"0":"post-235","1":"product","2":"type-product","3":"status-publish","4":"has-post-thumbnail","6":"product_cat-genel","7":"product_tag-dergi","8":"product_tag-kampanya","9":"product_tag-libido","11":"first","12":"outofstock","13":"sale","14":"shipping-taxable","15":"purchasable","16":"product-type-simple"},"_links":{"self":[{"href":"https:\/\/www.vintape.org\/index.php?rest_route=\/wp\/v2\/product\/235","targetHints":{"allow":["GET"]}}],"collection":[{"href":"https:\/\/www.vintape.org\/index.php?rest_route=\/wp\/v2\/product"}],"about":[{"href":"https:\/\/www.vintape.org\/index.php?rest_route=\/wp\/v2\/types\/product"}],"replies":[{"embeddable":true,"href":"https:\/\/www.vintape.org\/index.php?rest_route=%2Fwp%2Fv2%2Fcomments&post=235"}],"version-history":[{"count":0,"href":"https:\/\/www.vintape.org\/index.php?rest_route=\/wp\/v2\/product\/235\/revisions"}],"wp:featuredmedia":[{"embeddable":true,"href":"https:\/\/www.vintape.org\/index.php?rest_route=\/wp\/v2\/media\/255"}],"wp:attachment":[{"href":"https:\/\/www.vintape.org\/index.php?rest_route=%2Fwp%2Fv2%2Fmedia&parent=235"}],"wp:term":[{"taxonomy":"product_cat","embeddable":true,"href":"https:\/\/www.vintape.org\/index.php?rest_route=%2Fwp%2Fv2%2Fproduct_cat&post=235"},{"taxonomy":"product_tag","embeddable":true,"href":"https:\/\/www.vintape.org\/index.php?rest_route=%2Fwp%2Fv2%2Fproduct_tag&post=235"}],"curies":[{"name":"wp","href":"https:\/\/api.w.org\/{rel}","templated":true}]}}