{"id":194,"date":"2019-10-04T01:05:58","date_gmt":"2019-10-03T22:05:58","guid":{"rendered":"https:\/\/www.vintape.org\/urun\/import-placeholder-for-11917\/"},"modified":"2023-03-17T23:51:17","modified_gmt":"2023-03-17T22:51:17","slug":"dusunbil-sayi-84","status":"publish","type":"product","link":"https:\/\/www.vintape.org\/?product=dusunbil-sayi-84","title":{"rendered":"D\u00fc\u015f\u00fcnbil Say\u0131 84"},"content":{"rendered":"<div class=\"_2cuy _3dgx\">\n<div class=\"_1mf _1mj\">\n<div>\u0130\u00c7\u0130NDEK\u0130LER<\/div>\n<div><\/div>\n<\/div>\n<\/div>\n<p>Keyifli Bir Ya\u015fam, Kal\u0131c\u0131 Sevin\u00e7<br \/>\nSandy Grant<br \/>\n\u00c7eviren: G\u00f6khan \u00c7uhac\u0131<\/p>\n<p>Hedonist \u00d6znenin Sosyal Evreninde Kurucu Ontolojik Bir Varl\u0131k Olarak Sevin\u00e7<br \/>\nJosef Hasek K\u0131l\u00e7\u0131ks\u0131z<\/p>\n<p>\u201cMetafizik Nedir?\u201dde Bir Heyecan T\u00fcr\u00fc Olarak Sevin\u00e7<br \/>\nAla Emire D. Ersoy<\/p>\n<p>Varolu\u015fsal Sevin\u00e7 \u00dczerine: J. P. Sartre\u2019dan G. Marcel\u2019e<br \/>\nEmel Ko\u00e7<\/p>\n<p>Kapitalizmin Temeli Mutlu Olma \u0130stenci midir?<br \/>\nFurkan \u00d6ren<\/p>\n<p>Aztekler Bize Mutluluk ve \u0130yi Ya\u015fam Hakk\u0131nda Ne \u00d6\u011fretebilir?<br \/>\nSebastian Purcell<br \/>\n\u00c7eviren: Cansu \u0130rem Meri\u00e7<\/p>\n<p>Sevin\u00e7 ve Bilin\u00e7<br \/>\nSinem Elkatip Hatipo\u011flu<\/p>\n<p>Bob Ross ile Resim Sevinci: Sanat Sevin\u00e7 \u0130\u00e7in Olabilir mi?<br \/>\nBurcu Karael<\/p>\n<p>Hakikatin ve Erdemin Sevinci, Sevincin ve \u00d6zg\u00fcrl\u00fc\u011f\u00fcn Ortakl\u0131\u011f\u0131: Spinoza<br \/>\nSevin\u00e7 T\u00fcrkmen<\/p>\n<p>Stoac\u0131 Sevin\u00e7<br \/>\nMelike Molac\u0131<\/p>\n<p>Kahraman Mitosu<br \/>\nTolga Boduccuo\u011flu<\/p>\n<p>Simone de Beauvoir\u2019\u0131n Cinsel Farkl\u0131l\u0131k Fenomenolojisi II<br \/>\nSara Heinamaa<br \/>\n\u00c7eviren: B\u00fcnyamin Tan<\/p>\n<p>Felsefe D\u00fcnyas\u0131<\/p>\n","protected":false},"excerpt":{"rendered":"<p>\u0130\u00c7\u0130NDEK\u0130LER Keyifli Bir Ya\u015fam, Kal\u0131c\u0131 Sevin\u00e7 Sandy Grant \u00c7eviren: G\u00f6khan \u00c7uhac\u0131 Hedonist \u00d6znenin Sosyal Evreninde Kurucu Ontolojik Bir Varl\u0131k Olarak Sevin\u00e7 Josef Hasek K\u0131l\u00e7\u0131ks\u0131z \u201cMetafizik Nedir?\u201dde Bir Heyecan T\u00fcr\u00fc Olarak<\/p>\n","protected":false},"featured_media":210,"comment_status":"open","ping_status":"closed","template":"","meta":[],"product_cat":[21],"product_tag":[24,25,100,101,102,103,104],"class_list":{"0":"post-194","1":"product","2":"type-product","3":"status-publish","4":"has-post-thumbnail","6":"product_cat-magazine","7":"product_tag-dusunbil","8":"product_tag-felsefe","9":"product_tag-haz","10":"product_tag-keyif","11":"product_tag-mutluluk","12":"product_tag-sevinc","13":"product_tag-spinoza","15":"first","16":"outofstock","17":"sale","18":"shipping-taxable","19":"purchasable","20":"product-type-simple"},"_links":{"self":[{"href":"https:\/\/www.vintape.org\/index.php?rest_route=\/wp\/v2\/product\/194","targetHints":{"allow":["GET"]}}],"collection":[{"href":"https:\/\/www.vintape.org\/index.php?rest_route=\/wp\/v2\/product"}],"about":[{"href":"https:\/\/www.vintape.org\/index.php?rest_route=\/wp\/v2\/types\/product"}],"replies":[{"embeddable":true,"href":"https:\/\/www.vintape.org\/index.php?rest_route=%2Fwp%2Fv2%2Fcomments&post=194"}],"version-history":[{"count":0,"href":"https:\/\/www.vintape.org\/index.php?rest_route=\/wp\/v2\/product\/194\/revisions"}],"wp:featuredmedia":[{"embeddable":true,"href":"https:\/\/www.vintape.org\/index.php?rest_route=\/wp\/v2\/media\/210"}],"wp:attachment":[{"href":"https:\/\/www.vintape.org\/index.php?rest_route=%2Fwp%2Fv2%2Fmedia&parent=194"}],"wp:term":[{"taxonomy":"product_cat","embeddable":true,"href":"https:\/\/www.vintape.org\/index.php?rest_route=%2Fwp%2Fv2%2Fproduct_cat&post=194"},{"taxonomy":"product_tag","embeddable":true,"href":"https:\/\/www.vintape.org\/index.php?rest_route=%2Fwp%2Fv2%2Fproduct_tag&post=194"}],"curies":[{"name":"wp","href":"https:\/\/api.w.org\/{rel}","templated":true}]}}