{"id":192,"date":"2019-10-04T01:05:58","date_gmt":"2019-10-03T22:05:58","guid":{"rendered":"https:\/\/www.vintape.org\/urun\/import-placeholder-for-11821\/"},"modified":"2025-12-02T21:52:51","modified_gmt":"2025-12-02T20:52:51","slug":"dusunbil-sayi-82","status":"publish","type":"product","link":"https:\/\/www.vintape.org\/?product=dusunbil-sayi-82","title":{"rendered":"D\u00fc\u015f\u00fcnbil Say\u0131 82"},"content":{"rendered":"<div class=\"_2cuy _3dgx\">\n<div class=\"_1mf _1mj\">\n<div>\u0130\u00c7\u0130NDEK\u0130LER<\/div>\n<div><\/div>\n<div>Kusursuz K\u00f6t\u00fcl\u00fc\u011f\u00fcn Sesi: Heil Hitler<\/div>\n<div>\n<p>Bergen Co\u015fkun \u00d6z\u00fcayd\u0131n<\/p>\n<p>Nietzsche De\u011fil, K\u0131zkarde\u015fiydi\u2026<br \/>\nJenny Diski<br \/>\n\u00c7eviren: Meltem \u00c7etin Sever<\/p>\n<p>Homo Sapiens\u2019te K\u00fclt\u00fcrel Burn-Out Totaliter Felsefenin S\u0131n\u0131rlar\u0131<br \/>\nJosef Hasek K\u0131l\u00e7\u0131ks\u0131z<\/p>\n<p>Neden Tiranlar\u0131 Severiz?<br \/>\nDavid Livingstone Smith<br \/>\n\u00c7eviren: Meltem Alkur<\/p>\n<p>Prof. Dr. Atilla Yayla ile S\u00f6yle\u015fi: Filozof Alg\u0131s\u0131nda Hitler ve Felsefi D\u00fc\u015f\u00fcnceye Etkisi<br \/>\nS\u00f6yle\u015fi: Efsun Aksen<\/p>\n<p>Althusser\u2019in \u0130deoloji Kavram\u0131 \u00c7er\u00e7evesinde Hitler ve Tehlikeli Y\u00fckseli\u015fi<br \/>\nSibel Yal\u0131<\/p>\n<p>Hitler\u2019in Filozoflar\u0131<br \/>\nYvonne Sherratt<br \/>\n\u00c7eviren: H\u00fcseyin S\u0131\u011f\u0131rc\u0131<\/p>\n<p>Auerbach ve Nazi Fa\u015fizmine Kar\u015f\u0131 Filolojik Mimesis<br \/>\nC. Cengiz \u00c7evik<\/p>\n<p>Piyasa Toplumu G\u00f6lgesinde Fa\u015fizmin Elli Tonu<br \/>\nErcan Ge\u00e7gin<\/p>\n<p>Ayd\u0131nlanman\u0131n Doruk Noktas\u0131: Bat\u0131 Medeniyetinin Y\u0131k\u0131m\u0131<br \/>\nBerkay Co\u015fkun<\/p>\n<p>K\u00f6t\u00fcl\u00fck Problemi ve \u00d6zg\u00fcrl\u00fck Sorunu Temelinde Varolu\u015f\u00e7u Ateizm<br \/>\nG\u00fclse K\u0131sa<\/p>\n<p>Maternal Bir Mek\u00e2n Okumas\u0131<br \/>\nP\u0131nar Yurdad\u00f6n Aslan<\/p>\n<p>Felsefe D\u00fcnyas\u0131<\/p>\n<p>Karikat\u00fcr<\/p>\n<p>Okuma \u00d6nerisi<\/p>\n<\/div>\n<\/div>\n<\/div>\n","protected":false},"excerpt":{"rendered":"<p>\u0130\u00c7\u0130NDEK\u0130LER Kusursuz K\u00f6t\u00fcl\u00fc\u011f\u00fcn Sesi: Heil Hitler Bergen Co\u015fkun \u00d6z\u00fcayd\u0131n Nietzsche De\u011fil, K\u0131zkarde\u015fiydi\u2026 Jenny Diski \u00c7eviren: Meltem \u00c7etin Sever Homo Sapiens\u2019te K\u00fclt\u00fcrel Burn-Out Totaliter Felsefenin S\u0131n\u0131rlar\u0131 Josef Hasek K\u0131l\u00e7\u0131ks\u0131z Neden Tiranlar\u0131<\/p>\n","protected":false},"featured_media":208,"comment_status":"open","ping_status":"closed","template":"","meta":[],"product_cat":[21],"product_tag":[24,25,32,95,33],"class_list":{"0":"post-192","1":"product","2":"type-product","3":"status-publish","4":"has-post-thumbnail","6":"product_cat-magazine","7":"product_tag-dusunbil","8":"product_tag-felsefe","9":"product_tag-hitler","10":"product_tag-nazi","11":"product_tag-naziler","13":"first","14":"instock","15":"sale","16":"shipping-taxable","17":"purchasable","18":"product-type-simple"},"_links":{"self":[{"href":"https:\/\/www.vintape.org\/index.php?rest_route=\/wp\/v2\/product\/192","targetHints":{"allow":["GET"]}}],"collection":[{"href":"https:\/\/www.vintape.org\/index.php?rest_route=\/wp\/v2\/product"}],"about":[{"href":"https:\/\/www.vintape.org\/index.php?rest_route=\/wp\/v2\/types\/product"}],"replies":[{"embeddable":true,"href":"https:\/\/www.vintape.org\/index.php?rest_route=%2Fwp%2Fv2%2Fcomments&post=192"}],"version-history":[{"count":1,"href":"https:\/\/www.vintape.org\/index.php?rest_route=\/wp\/v2\/product\/192\/revisions"}],"predecessor-version":[{"id":1274,"href":"https:\/\/www.vintape.org\/index.php?rest_route=\/wp\/v2\/product\/192\/revisions\/1274"}],"wp:featuredmedia":[{"embeddable":true,"href":"https:\/\/www.vintape.org\/index.php?rest_route=\/wp\/v2\/media\/208"}],"wp:attachment":[{"href":"https:\/\/www.vintape.org\/index.php?rest_route=%2Fwp%2Fv2%2Fmedia&parent=192"}],"wp:term":[{"taxonomy":"product_cat","embeddable":true,"href":"https:\/\/www.vintape.org\/index.php?rest_route=%2Fwp%2Fv2%2Fproduct_cat&post=192"},{"taxonomy":"product_tag","embeddable":true,"href":"https:\/\/www.vintape.org\/index.php?rest_route=%2Fwp%2Fv2%2Fproduct_tag&post=192"}],"curies":[{"name":"wp","href":"https:\/\/api.w.org\/{rel}","templated":true}]}}