{"id":187,"date":"2019-10-04T01:05:57","date_gmt":"2019-10-03T22:05:57","guid":{"rendered":"https:\/\/www.vintape.org\/urun\/import-placeholder-for-11008\/"},"modified":"2020-11-11T14:35:53","modified_gmt":"2020-11-11T11:35:53","slug":"dusunbil-sayi-77","status":"publish","type":"product","link":"https:\/\/www.vintape.org\/?product=dusunbil-sayi-77","title":{"rendered":"D\u00fc\u015f\u00fcnbil Say\u0131 77"},"content":{"rendered":"<div class=\"_2cuy _3dgx\">\n<div class=\"_1mf _1mj\">\n<p><strong>\u0130\u00c7\u0130NDEK\u0130LER<\/strong><\/p>\n<\/div>\n<p>Narsizm \u00dczerine<br \/>\nMutluhan \u0130zmir<\/p>\n<p>Psikanaliz ve Felsefe: Hegel &amp; Schopenhauer<br \/>\nCathal Horan<br \/>\n\u00c7eviren: Bar\u0131\u015f Solmaz<\/p>\n<p>Haz \u0130lkesinin \u0130mk\u00e2ns\u0131zl\u0131\u011f\u0131<br \/>\nHakan Atalay<\/p>\n<p>Freud\u2019un Miras\u0131 \u00dczerine Bir Tart\u0131\u015fma<br \/>\nSusie Orbach &amp; Frederick Crews<br \/>\n\u00c7eviren: J\u00fclide Yap\u0131c\u0131<\/p>\n<p>Psikanaliz ve Felsefe: Schopenhauer ve Nietzsche<br \/>\nEva Cybulska<br \/>\n\u00c7eviren: Bar\u0131\u015f Solmaz<\/p>\n<p>Freud Bir Teolog mudur?<br \/>\nErdal \u0130sbir<\/p>\n<p>Arzumuzun Ger\u00e7e\u011fine y\u00e2hut Ger\u00e7ek Uyan\u0131\u015fa Ula\u015fma Arac\u0131 Olarak R\u00fcyalar<br \/>\nAbdurrahim Tun\u00e7<\/p>\n<p>En Y\u00fcce Histerik Hegel miydi?<br \/>\nSerhat Yenisan<\/p>\n<p>Psikopati ve \u00d6zg\u00fcr \u0130rade<br \/>\n\u00d6zge Gezer<\/p>\n<p>Kimlik ile T\u00fcketim: Moda, Medya ve Sosyo-Psikanaliz<br \/>\nBerkin Nihat Azmio\u011flu<\/p>\n<p>Platon\u2019un Ma\u011fara Alegorisi I\u015f\u0131\u011f\u0131nda G\u00f6lgenin Bilgisi<br \/>\nJosef K\u0131l\u00e7\u0131ks\u0131z<\/p>\n<p>\u0130kili Kategoriler ve Diyalektik Mant\u0131k<br \/>\nAli\u015fan \u00d6zdemir<\/p>\n<p>Vasat\u0131n \u201cAk\u0131l\u201d ve \u201cAhlak\u201d D\u00fcnyas\u0131na Dair Felsef\u00ee Bir Deneme<br \/>\nDo\u011fan G\u00f6\u00e7men<\/p>\n<p>Karikat\u00fcr &#8211;\u00a0 Okuma \u00d6nerisi<\/p>\n<p>&nbsp;<\/p>\n<\/div>\n","protected":false},"excerpt":{"rendered":"<p>\u0130\u00c7\u0130NDEK\u0130LER Narsizm \u00dczerine Mutluhan \u0130zmir Psikanaliz ve Felsefe: Hegel &amp; Schopenhauer Cathal Horan \u00c7eviren: Bar\u0131\u015f Solmaz Haz \u0130lkesinin \u0130mk\u00e2ns\u0131zl\u0131\u011f\u0131 Hakan Atalay Freud\u2019un Miras\u0131 \u00dczerine Bir Tart\u0131\u015fma Susie Orbach &amp; Frederick<\/p>\n","protected":false},"featured_media":203,"comment_status":"open","ping_status":"closed","template":"","meta":[],"product_cat":[21],"product_tag":[88,24,25],"class_list":{"0":"post-187","1":"product","2":"type-product","3":"status-publish","4":"has-post-thumbnail","6":"product_cat-magazine","7":"product_tag-derrida","8":"product_tag-dusunbil","9":"product_tag-felsefe","11":"first","12":"outofstock","13":"sale","14":"shipping-taxable","15":"purchasable","16":"product-type-simple"},"_links":{"self":[{"href":"https:\/\/www.vintape.org\/index.php?rest_route=\/wp\/v2\/product\/187","targetHints":{"allow":["GET"]}}],"collection":[{"href":"https:\/\/www.vintape.org\/index.php?rest_route=\/wp\/v2\/product"}],"about":[{"href":"https:\/\/www.vintape.org\/index.php?rest_route=\/wp\/v2\/types\/product"}],"replies":[{"embeddable":true,"href":"https:\/\/www.vintape.org\/index.php?rest_route=%2Fwp%2Fv2%2Fcomments&post=187"}],"version-history":[{"count":0,"href":"https:\/\/www.vintape.org\/index.php?rest_route=\/wp\/v2\/product\/187\/revisions"}],"wp:featuredmedia":[{"embeddable":true,"href":"https:\/\/www.vintape.org\/index.php?rest_route=\/wp\/v2\/media\/203"}],"wp:attachment":[{"href":"https:\/\/www.vintape.org\/index.php?rest_route=%2Fwp%2Fv2%2Fmedia&parent=187"}],"wp:term":[{"taxonomy":"product_cat","embeddable":true,"href":"https:\/\/www.vintape.org\/index.php?rest_route=%2Fwp%2Fv2%2Fproduct_cat&post=187"},{"taxonomy":"product_tag","embeddable":true,"href":"https:\/\/www.vintape.org\/index.php?rest_route=%2Fwp%2Fv2%2Fproduct_tag&post=187"}],"curies":[{"name":"wp","href":"https:\/\/api.w.org\/{rel}","templated":true}]}}