{"id":181,"date":"2019-10-04T01:05:57","date_gmt":"2019-10-03T22:05:57","guid":{"rendered":"https:\/\/www.vintape.org\/urun\/import-placeholder-for-10046\/"},"modified":"2026-03-18T14:45:15","modified_gmt":"2026-03-18T13:45:15","slug":"dusunbil-sayi-71","status":"publish","type":"product","link":"https:\/\/www.vintape.org\/?product=dusunbil-sayi-71","title":{"rendered":"D\u00fc\u015f\u00fcnbil Say\u0131 71"},"content":{"rendered":"<div class=\"_2cuy _3dgx\">\n<div class=\"_1mf _1mj\">\n<p><strong>\u0130\u00c7\u0130NDEK\u0130LER<\/strong><\/p>\n<p>Galaksilerin Kurucusu: Immanuel Kant<br \/>\n\u00d6. Faruk K\u0131rmac\u0131<\/p>\n<p>Sapere Aude!<br \/>\nAnja Steinbauer<br \/>\n\u00c7eviren: G\u00f6ksu Nur Kayac\u0131lar<\/p>\n<p>Kant Ayd\u0131nlanmas\u0131\u2019n\u0131n G\u00fcn\u00fcm\u00fcz ile \u0130li\u015fkisi<br \/>\nBet\u00fcl Karakuyu<\/p>\n<p>Kant\u2019ta \u00d6zg\u00fcrl\u00fck Kavram\u0131: \u0130ki Kurgu Karakteri \u00dczerinden K\u0131sa Bir De\u011ferlendirme<br \/>\nAli Onur \u015eahino\u011flu<\/p>\n<p>Frankfurt Okulu ve Kant<br \/>\nSelda Salman<\/p>\n<p>Kant\u2019\u0131n Konukseverlik Anlay\u0131\u015f\u0131n\u0131 Aronofsky\u2019nin \u201cMother!\u201d Filmi \u00dczerinden Okumak<br \/>\nFeyza \u015eule G\u00fcng\u00f6r<\/p>\n<p>Kynodontas Filmi \u00dczerinden Bir Sorgu: Ayd\u0131nlanma M\u00fcmk\u00fcn m\u00fcd\u00fcr?<br \/>\nNilsu Yi\u011fito\u011flu<\/p>\n<p>Kant\u2019\u0131n Ele\u015ftirel Felsefesine Genel Bak\u0131\u015f<br \/>\nFigen G\u00fcnt\u00fcrk<\/p>\n<p>Ele\u015ftirel Paradigmada Immanuel Kant<br \/>\nNur Sena F\u0131rat<\/p>\n<p>Ayd\u0131nlanma\u2019dan 21. Y\u00fczy\u0131la: \u201cSapere Aude!\u201d<br \/>\nO\u011fulcan Altu\u011f<\/p>\n<p>Kant\u2019\u0131n Matematik Felsefesi<br \/>\nAhmet \u00c7evik<\/p>\n<p>Makaleye \u00c7izilen \u201cSonsuz Bar\u0131\u015f\u201d \u0130deali: Immanuel Kant ve Birle\u015fmi\u015f Milletler<br \/>\nBeyza \u00d6zkan<\/p>\n<p>\u0130nsan Olmaya \u00c7a\u011fr\u0131: \u00d6zg\u00fcrl\u00fck ve Ahlak Yasas\u0131n\u0131n Kant Felsefesindeki Yeri<br \/>\nEce Sara\u00e7o\u011flu<\/p>\n<p>Kant\u2019ta Kendinde Var Olan Ger\u00e7eklik ve Kurgusal Bilginin Nesnesi<br \/>\nHalit Payza<\/p>\n<p>Uyand\u0131rma Dersleri -V-<br \/>\nCinsiyet Dili ve Edebiyat\u0131<br \/>\nMuhammet Aky\u0131ld\u0131z<\/p>\n<\/div>\n<\/div>\n","protected":false},"excerpt":{"rendered":"<p>\u0130\u00c7\u0130NDEK\u0130LER Galaksilerin Kurucusu: Immanuel Kant \u00d6. Faruk K\u0131rmac\u0131 Sapere Aude! Anja Steinbauer \u00c7eviren: G\u00f6ksu Nur Kayac\u0131lar Kant Ayd\u0131nlanmas\u0131\u2019n\u0131n G\u00fcn\u00fcm\u00fcz ile \u0130li\u015fkisi Bet\u00fcl Karakuyu Kant\u2019ta \u00d6zg\u00fcrl\u00fck Kavram\u0131: \u0130ki Kurgu Karakteri \u00dczerinden<\/p>\n","protected":false},"featured_media":197,"comment_status":"open","ping_status":"closed","template":"","meta":[],"product_cat":[21],"product_tag":[76,24,25,52,79,78],"class_list":{"0":"post-181","1":"product","2":"type-product","3":"status-publish","4":"has-post-thumbnail","6":"product_cat-magazine","7":"product_tag-bilinc","8":"product_tag-dusunbil","9":"product_tag-felsefe","10":"product_tag-freud","11":"product_tag-kant","12":"product_tag-zihin-felsefesi","14":"first","15":"instock","16":"sale","17":"shipping-taxable","18":"purchasable","19":"product-type-simple"},"_links":{"self":[{"href":"https:\/\/www.vintape.org\/index.php?rest_route=\/wp\/v2\/product\/181","targetHints":{"allow":["GET"]}}],"collection":[{"href":"https:\/\/www.vintape.org\/index.php?rest_route=\/wp\/v2\/product"}],"about":[{"href":"https:\/\/www.vintape.org\/index.php?rest_route=\/wp\/v2\/types\/product"}],"replies":[{"embeddable":true,"href":"https:\/\/www.vintape.org\/index.php?rest_route=%2Fwp%2Fv2%2Fcomments&post=181"}],"version-history":[{"count":1,"href":"https:\/\/www.vintape.org\/index.php?rest_route=\/wp\/v2\/product\/181\/revisions"}],"predecessor-version":[{"id":1279,"href":"https:\/\/www.vintape.org\/index.php?rest_route=\/wp\/v2\/product\/181\/revisions\/1279"}],"wp:featuredmedia":[{"embeddable":true,"href":"https:\/\/www.vintape.org\/index.php?rest_route=\/wp\/v2\/media\/197"}],"wp:attachment":[{"href":"https:\/\/www.vintape.org\/index.php?rest_route=%2Fwp%2Fv2%2Fmedia&parent=181"}],"wp:term":[{"taxonomy":"product_cat","embeddable":true,"href":"https:\/\/www.vintape.org\/index.php?rest_route=%2Fwp%2Fv2%2Fproduct_cat&post=181"},{"taxonomy":"product_tag","embeddable":true,"href":"https:\/\/www.vintape.org\/index.php?rest_route=%2Fwp%2Fv2%2Fproduct_tag&post=181"}],"curies":[{"name":"wp","href":"https:\/\/api.w.org\/{rel}","templated":true}]}}