{"id":180,"date":"2019-10-04T01:05:57","date_gmt":"2019-10-03T22:05:57","guid":{"rendered":"https:\/\/www.vintape.org\/urun\/import-placeholder-for-9172\/"},"modified":"2023-03-17T23:53:05","modified_gmt":"2023-03-17T22:53:05","slug":"dusunbil-sayi-70","status":"publish","type":"product","link":"https:\/\/www.vintape.org\/?product=dusunbil-sayi-70","title":{"rendered":"D\u00fc\u015f\u00fcnbil Say\u0131 70"},"content":{"rendered":"<div class=\"_2cuy _3dgx\">\n<div class=\"_1mf _1mj\">\n<p><strong>\u0130\u00c7\u0130NDEK\u0130LER<\/strong><\/p>\n<p>Madde ve Bilin\u00e7 Aras\u0131ndaki G\u00f6lge: D\u00fcalizm ve \u0130mgelem<br \/>\n\u00d6. Faruk K\u0131rmac\u0131<\/p>\n<p>Do\u011fan\u0131n Bilinci Yaratmas\u0131 ve Beyinlerimizin Zihinlere Evrilmesi<br \/>\nSteven Poole<br \/>\n\u00c7eviren: Cihan Tunca<\/p>\n<p>\u201cBilin\u00e7 Nedir? Sorusu<br \/>\nAyhan Dereko<\/p>\n<p>\u0130nsan Zihninin Ard\u0131ndaki \u015eey Bilin\u00e7 Olmayabilir<br \/>\nDavid A. Oakley &amp; Peter Halligan<br \/>\n\u00c7eviren: Cavit Karakuzu<\/p>\n<p>Bilincin Tuhaf Nesnesi<br \/>\nHalit Payza<\/p>\n<p>Bilin\u00e7 Nas\u0131l \u0130\u015fler?<br \/>\nMichael S. Gazzaniga<br \/>\n\u00c7eviren: G\u00f6ksu Nur Kayac\u0131lar<\/p>\n<p>Kolektif Bilin\u00e7 \u00dczerine Bir Sorgu: Ortak Eylemin Temel Motivasyonu Nedir?<br \/>\nNilsu Yi\u011fito\u011flu<\/p>\n<p>Saffet Murat Tura\u2019yla S\u00f6yle\u015fi:<br \/>\nZor Problem: Bilin\u00e7<br \/>\nS\u00f6yle\u015fi: Meryem Ko\u00e7<\/p>\n<p>Zihin Felsefesinin Temel Sorunu: Zihin ve Beden Tart\u0131\u015fmas\u0131<br \/>\nEce Sara\u00e7o\u011flu<\/p>\n<p>\u00c7ince Odas\u0131 Arg\u00fcman\u0131n\u0131n \u00dc\u00e7 \u00d6nc\u00fcl\u00fc \u00dczerinden Bilincin Do\u011fas\u0131 Hakk\u0131nda<br \/>\nBir Deneme<br \/>\nAli Onur \u015eahino\u011flu<\/p>\n<p>Bilin\u00e7: Alaaddin\u2019in Lambas\u0131\u2019ndan Cinin Nas\u0131l \u00c7\u0131kt\u0131\u011f\u0131 Sorusu Kadar Ak\u0131l Almaz m\u0131?<br \/>\nFigen G\u00fcnt\u00fcrk<\/p>\n<p>Zaman\u0131n Ontolojisine A\u015fk\u0131nsal Bir Yolculuk: Kant\u2019\u0131n Uzay-Zaman Felsefesi<br \/>\nEyl\u00fcl Deniz Ya\u015far<\/p>\n<p>Modernlik Ekseninde Kitsch\u00a0 ve Stat\u00fc \u0130li\u015fkisi<br \/>\nErsin Berk<\/p>\n<p>Felsefe \u00d6nemlidir<br \/>\nYvonne Sherat<br \/>\n\u00c7eviren: Ay\u00e7a Sofu<\/p>\n<p>Descartes\u2019\u0131n C\u00fcmlesindeki Gizli \u00d6zne<br \/>\nKaan Onur Kaftano\u011flu<\/p>\n<p>Uyand\u0131rma Dersleri -IV-<br \/>\nKriptoloji: K\u00fcresel Kapitalizmin Matematiksel \u015eifreleri<br \/>\nMuhammet Aky\u0131ld\u0131z<\/p>\n<\/div>\n<\/div>\n","protected":false},"excerpt":{"rendered":"<p>\u0130\u00c7\u0130NDEK\u0130LER Madde ve Bilin\u00e7 Aras\u0131ndaki G\u00f6lge: D\u00fcalizm ve \u0130mgelem \u00d6. Faruk K\u0131rmac\u0131 Do\u011fan\u0131n Bilinci Yaratmas\u0131 ve Beyinlerimizin Zihinlere Evrilmesi Steven Poole \u00c7eviren: Cihan Tunca \u201cBilin\u00e7 Nedir? Sorusu Ayhan Dereko \u0130nsan<\/p>\n","protected":false},"featured_media":196,"comment_status":"open","ping_status":"closed","template":"","meta":[],"product_cat":[21],"product_tag":[76,24,25,52,72,77,78],"class_list":{"0":"post-180","1":"product","2":"type-product","3":"status-publish","4":"has-post-thumbnail","6":"product_cat-magazine","7":"product_tag-bilinc","8":"product_tag-dusunbil","9":"product_tag-felsefe","10":"product_tag-freud","11":"product_tag-freud-ve-lacan","12":"product_tag-zihin","13":"product_tag-zihin-felsefesi","15":"first","16":"outofstock","17":"shipping-taxable","18":"purchasable","19":"product-type-simple"},"_links":{"self":[{"href":"https:\/\/www.vintape.org\/index.php?rest_route=\/wp\/v2\/product\/180","targetHints":{"allow":["GET"]}}],"collection":[{"href":"https:\/\/www.vintape.org\/index.php?rest_route=\/wp\/v2\/product"}],"about":[{"href":"https:\/\/www.vintape.org\/index.php?rest_route=\/wp\/v2\/types\/product"}],"replies":[{"embeddable":true,"href":"https:\/\/www.vintape.org\/index.php?rest_route=%2Fwp%2Fv2%2Fcomments&post=180"}],"version-history":[{"count":0,"href":"https:\/\/www.vintape.org\/index.php?rest_route=\/wp\/v2\/product\/180\/revisions"}],"wp:featuredmedia":[{"embeddable":true,"href":"https:\/\/www.vintape.org\/index.php?rest_route=\/wp\/v2\/media\/196"}],"wp:attachment":[{"href":"https:\/\/www.vintape.org\/index.php?rest_route=%2Fwp%2Fv2%2Fmedia&parent=180"}],"wp:term":[{"taxonomy":"product_cat","embeddable":true,"href":"https:\/\/www.vintape.org\/index.php?rest_route=%2Fwp%2Fv2%2Fproduct_cat&post=180"},{"taxonomy":"product_tag","embeddable":true,"href":"https:\/\/www.vintape.org\/index.php?rest_route=%2Fwp%2Fv2%2Fproduct_tag&post=180"}],"curies":[{"name":"wp","href":"https:\/\/api.w.org\/{rel}","templated":true}]}}