{"id":144,"date":"2019-10-04T01:05:44","date_gmt":"2019-10-04T00:05:44","guid":{"rendered":"https:\/\/www.vintape.org\/urun\/import-placeholder-for-8174\/"},"modified":"2025-12-02T21:52:52","modified_gmt":"2025-12-02T20:52:52","slug":"dusunbil-sayi-63","status":"publish","type":"product","link":"https:\/\/www.vintape.org\/?product=dusunbil-sayi-63","title":{"rendered":"D\u00fc\u015f\u00fcnbil Say\u0131 63"},"content":{"rendered":"<div class=\"_2cuy _3dgx\">\n<div class=\"_1mf _1mj\">\n<p>\u0130\u00c7\u0130NDEK\u0130LER<\/p>\n<p>Tragedya Penceresinde \u0130ki Ki\u015fi:<br \/>\nAristoteles ve Nietzsche<br \/>\nBeyza \u00d6zkan<\/p>\n<p>Nietzsche: \u201cTanr\u0131 \u00d6ld\u00fc\u201dn\u00fcn<br \/>\nPolitik Mesaj\u0131<br \/>\nLesley Chamberlain<br \/>\n\u00c7eviren: M. Kaan Erdo\u011fan<\/p>\n<p>Nietzsche\u2019nin Tesellisi:<br \/>\nAhlak\u0131n Me\u015frulu\u011fu \u00dczerine<br \/>\nMurat Keser<\/p>\n<p>Tragedya ve Nietzsche Ba\u011flam\u0131nda Katharsis Kavram\u0131<br \/>\nMerve Karacan<\/p>\n<p>Rash\u00f4mon: Nietzscheci Bir Anlat\u0131<br \/>\nTayfun Y\u0131ld\u0131r\u0131m<\/p>\n<p>Politik Bir D\u00fc\u015f\u00fcn\u00fcr Olarak Nietzsche<br \/>\nMaudemarie Clark ile Bir S\u00f6yle\u015fi \u00c7eviren: \u0130smail Ege Yayl\u0131m<\/p>\n<p>Ebed\u00ee D\u00f6n\u00fc\u015f Yahut Sisifos\u2019un<br \/>\nY\u00fcre\u011fini Dolduran \u015eey \u00dczerine<br \/>\nMert Aldemir<\/p>\n<p>Ezik Gibi Okumak<br \/>\nDavid Winters<br \/>\n\u00c7eviren: \u0130smail Ege Yayl\u0131m<\/p>\n<p>G\u00fcn\u00fcm\u00fcz N\u00f6robiliminin<br \/>\nEpistemolojik Limitleri<br \/>\nTolga Esat \u00d6zkurt<\/p>\n<p>Bizde Tak\u0131lar\u0131 Erkek Taraf\u0131 Al\u0131r!<br \/>\nSerhat Yenisan<\/p>\n<p>Amok<br \/>\nEngin Erkiner<\/p>\n<p>S\u0131k\u0131l\u0131yorum \u00d6yleyse Var\u0131m<br \/>\nElif G\u00fcl \u015eahin<\/p>\n<p>Etnometodoloji<br \/>\nBeste \u00c7ebi<\/p>\n<p>Gelenek\u00e7ilik ve Olgunun Yeniden Yorumlanmas\u0131 \u00dczerine<br \/>\nS\u00fcleyman Delil Karakurt<\/p>\n<p>Edebiyat Ele\u015ftirisinin Paradoksal Politikas\u0131<br \/>\nTimothy Aubry<br \/>\n\u00c7eviren: Toygar Ak\u0131n<\/p>\n<p>Bir Filozofa Sorun:<br \/>\nTrue Detective\u2019in Rust Cohle\u2019si Nas\u0131l Bir Karakter?<br \/>\nS\u00f6yle\u015fi: Math Patches<br \/>\n\u00c7eviren: \u0130smail Ege Yayl\u0131m<\/p>\n<p>Kitap Tan\u0131t\u0131m: Tek Ayak \u00dczerinde Tamamlanan Bir Puzzle:<br \/>\nPlaton Bir G\u00fcn Kolunda Bir Ornitorenkle Bara Girer<br \/>\nSem \u00c7aml\u0131da\u011f<\/p>\n<p>&nbsp;<\/p>\n<\/div>\n<\/div>\n","protected":false},"excerpt":{"rendered":"<p>\u0130\u00c7\u0130NDEK\u0130LER Tragedya Penceresinde \u0130ki Ki\u015fi: Aristoteles ve Nietzsche Beyza \u00d6zkan Nietzsche: \u201cTanr\u0131 \u00d6ld\u00fc\u201dn\u00fcn Politik Mesaj\u0131 Lesley Chamberlain \u00c7eviren: M. Kaan Erdo\u011fan Nietzsche\u2019nin Tesellisi: Ahlak\u0131n Me\u015frulu\u011fu \u00dczerine Murat Keser Tragedya ve<\/p>\n","protected":false},"featured_media":173,"comment_status":"open","ping_status":"closed","template":"","meta":[],"product_cat":[21],"product_tag":[24,25,52,53,54],"class_list":{"0":"post-144","1":"product","2":"type-product","3":"status-publish","4":"has-post-thumbnail","6":"product_cat-magazine","7":"product_tag-dusunbil","8":"product_tag-felsefe","9":"product_tag-freud","10":"product_tag-nietzsche","11":"product_tag-tanri","13":"first","14":"instock","15":"shipping-taxable","16":"purchasable","17":"product-type-simple"},"_links":{"self":[{"href":"https:\/\/www.vintape.org\/index.php?rest_route=\/wp\/v2\/product\/144","targetHints":{"allow":["GET"]}}],"collection":[{"href":"https:\/\/www.vintape.org\/index.php?rest_route=\/wp\/v2\/product"}],"about":[{"href":"https:\/\/www.vintape.org\/index.php?rest_route=\/wp\/v2\/types\/product"}],"replies":[{"embeddable":true,"href":"https:\/\/www.vintape.org\/index.php?rest_route=%2Fwp%2Fv2%2Fcomments&post=144"}],"version-history":[{"count":1,"href":"https:\/\/www.vintape.org\/index.php?rest_route=\/wp\/v2\/product\/144\/revisions"}],"predecessor-version":[{"id":1283,"href":"https:\/\/www.vintape.org\/index.php?rest_route=\/wp\/v2\/product\/144\/revisions\/1283"}],"wp:featuredmedia":[{"embeddable":true,"href":"https:\/\/www.vintape.org\/index.php?rest_route=\/wp\/v2\/media\/173"}],"wp:attachment":[{"href":"https:\/\/www.vintape.org\/index.php?rest_route=%2Fwp%2Fv2%2Fmedia&parent=144"}],"wp:term":[{"taxonomy":"product_cat","embeddable":true,"href":"https:\/\/www.vintape.org\/index.php?rest_route=%2Fwp%2Fv2%2Fproduct_cat&post=144"},{"taxonomy":"product_tag","embeddable":true,"href":"https:\/\/www.vintape.org\/index.php?rest_route=%2Fwp%2Fv2%2Fproduct_tag&post=144"}],"curies":[{"name":"wp","href":"https:\/\/api.w.org\/{rel}","templated":true}]}}