{"id":137,"date":"2019-10-04T01:05:43","date_gmt":"2019-10-03T22:05:43","guid":{"rendered":"https:\/\/www.vintape.org\/urun\/import-placeholder-for-2634\/"},"modified":"2019-10-04T01:05:51","modified_gmt":"2019-10-03T22:05:51","slug":"dusunbil-tukenenler-seti","status":"publish","type":"product","link":"https:\/\/www.vintape.org\/?product=dusunbil-tukenenler-seti","title":{"rendered":"D\u00fc\u015f\u00fcnbil T\u00fckenenler Seti"},"content":{"rendered":"<p>Toplam 52 Adet<\/p>\n<p>D\u00fc\u015f\u00fcnbil Say\u0131 01<br \/>\nD\u00fc\u015f\u00fcnbil Say\u0131 10<br \/>\nD\u00fc\u015f\u00fcnbil Say\u0131 19\/20<br \/>\nD\u00fc\u015f\u00fcnbil Say\u0131 23<br \/>\nD\u00fc\u015f\u00fcnbil Say\u0131 26\/27<br \/>\nD\u00fc\u015f\u00fcnbil Say\u0131 31<br \/>\nD\u00fc\u015f\u00fcnbil Say\u0131 32-33<br \/>\nD\u00fc\u015f\u00fcnbil Say\u0131 34<br \/>\nD\u00fc\u015f\u00fcnbil Say\u0131 35<br \/>\nD\u00fc\u015f\u00fcnbil Say\u0131 36<br \/>\nD\u00fc\u015f\u00fcnbil Say\u0131 37<br \/>\nD\u00fc\u015f\u00fcnbil Say\u0131 38<br \/>\nD\u00fc\u015f\u00fcnbil Say\u0131 39\/40<br \/>\nD\u00fc\u015f\u00fcnbil Say\u0131 41\/42<br \/>\nD\u00fc\u015f\u00fcnbil Say\u0131 43<br \/>\nD\u00fc\u015f\u00fcnbil Say\u0131 44<br \/>\nD\u00fc\u015f\u00fcnbil Say\u0131 45<br \/>\nD\u00fc\u015f\u00fcnbil Say\u0131 46<br \/>\nD\u00fc\u015f\u00fcnbil Say\u0131 47<br \/>\nD\u00fc\u015f\u00fcnbil Say\u0131 48<br \/>\nD\u00fc\u015f\u00fcnbil Say\u0131 49<br \/>\nD\u00fc\u015f\u00fcnbil Say\u0131 50<br \/>\nD\u00fc\u015f\u00fcnbil Say\u0131 51<br \/>\nD\u00fc\u015f\u00fcnbil Say\u0131 52<br \/>\nD\u00fc\u015f\u00fcnbil Say\u0131 53<br \/>\nD\u00fc\u015f\u00fcnbil Say\u0131 54<br \/>\nD\u00fc\u015f\u00fcnbil Say\u0131 56<br \/>\nD\u00fc\u015f\u00fcnbil Say\u0131 57<br \/>\nD\u00fc\u015f\u00fcnbil Say\u0131 58<br \/>\nD\u00fc\u015f\u00fcnbil Say\u0131 59<br \/>\nD\u00fc\u015f\u00fcnbil Say\u0131 60<br \/>\nD\u00fc\u015f\u00fcnbil Say\u0131 61<br \/>\nD\u00fc\u015f\u00fcnbil Say\u0131 62<br \/>\nD\u00fc\u015f\u00fcnbil Say\u0131 63<br \/>\nD\u00fc\u015f\u00fcnbil Say\u0131 64<br \/>\nD\u00fc\u015f\u00fcnbil Say\u0131 65<br \/>\nD\u00fc\u015f\u00fcnbil Say\u0131 66<br \/>\nD\u00fc\u015f\u00fcnbil Say\u0131 67<br \/>\nD\u00fc\u015f\u00fcnbil Say\u0131 68<br \/>\nD\u00fc\u015f\u00fcnbil Say\u0131 69<br \/>\nD\u00fc\u015f\u00fcnbil Say\u0131 70<br \/>\nD\u00fc\u015f\u00fcnbil Say\u0131 71<br \/>\nD\u00fc\u015f\u00fcnbil Say\u0131 72<br \/>\nD\u00fc\u015f\u00fcnbil Say\u0131 73<br \/>\nD\u00fc\u015f\u00fcnbil Say\u0131 74<br \/>\nD\u00fc\u015f\u00fcnbil Say\u0131 75<br \/>\nD\u00fc\u015f\u00fcnbil Say\u0131 76<br \/>\nD\u00fc\u015f\u00fcnbil Say\u0131 77<br \/>\nD\u00fc\u015f\u00fcnbil Say\u0131 78<br \/>\nD\u00fc\u015f\u00fcnbil Say\u0131 79<br \/>\nD\u00fc\u015f\u00fcnbil Say\u0131 80<br \/>\nD\u00fc\u015f\u00fcnbil Say\u0131 81<\/p>\n<p>&nbsp;<\/p>\n","protected":false},"excerpt":{"rendered":"<p>Toplam 52 Adet D\u00fc\u015f\u00fcnbil Say\u0131 01 D\u00fc\u015f\u00fcnbil Say\u0131 10 D\u00fc\u015f\u00fcnbil Say\u0131 19\/20 D\u00fc\u015f\u00fcnbil Say\u0131 23 D\u00fc\u015f\u00fcnbil Say\u0131 26\/27 D\u00fc\u015f\u00fcnbil Say\u0131 31 D\u00fc\u015f\u00fcnbil Say\u0131 32-33 D\u00fc\u015f\u00fcnbil Say\u0131 34 D\u00fc\u015f\u00fcnbil Say\u0131 35<\/p>\n","protected":false},"featured_media":0,"comment_status":"open","ping_status":"closed","template":"","meta":[],"product_cat":[21],"product_tag":[23,38,24,39,40],"class_list":{"0":"post-137","1":"product","2":"type-product","3":"status-publish","5":"product_cat-magazine","6":"product_tag-dergi","7":"product_tag-din","8":"product_tag-dusunbil","9":"product_tag-evrim","10":"product_tag-kampanya","12":"first","13":"outofstock","14":"shipping-taxable","15":"purchasable","16":"product-type-simple"},"_links":{"self":[{"href":"https:\/\/www.vintape.org\/index.php?rest_route=\/wp\/v2\/product\/137","targetHints":{"allow":["GET"]}}],"collection":[{"href":"https:\/\/www.vintape.org\/index.php?rest_route=\/wp\/v2\/product"}],"about":[{"href":"https:\/\/www.vintape.org\/index.php?rest_route=\/wp\/v2\/types\/product"}],"replies":[{"embeddable":true,"href":"https:\/\/www.vintape.org\/index.php?rest_route=%2Fwp%2Fv2%2Fcomments&post=137"}],"version-history":[{"count":0,"href":"https:\/\/www.vintape.org\/index.php?rest_route=\/wp\/v2\/product\/137\/revisions"}],"wp:attachment":[{"href":"https:\/\/www.vintape.org\/index.php?rest_route=%2Fwp%2Fv2%2Fmedia&parent=137"}],"wp:term":[{"taxonomy":"product_cat","embeddable":true,"href":"https:\/\/www.vintape.org\/index.php?rest_route=%2Fwp%2Fv2%2Fproduct_cat&post=137"},{"taxonomy":"product_tag","embeddable":true,"href":"https:\/\/www.vintape.org\/index.php?rest_route=%2Fwp%2Fv2%2Fproduct_tag&post=137"}],"curies":[{"name":"wp","href":"https:\/\/api.w.org\/{rel}","templated":true}]}}