{"id":134,"date":"2019-10-04T01:05:43","date_gmt":"2019-10-03T22:05:43","guid":{"rendered":"https:\/\/www.vintape.org\/urun\/import-placeholder-for-1545\/"},"modified":"2019-10-04T01:05:51","modified_gmt":"2019-10-03T22:05:51","slug":"dusunbil-sayi-54","status":"publish","type":"product","link":"https:\/\/www.vintape.org\/?product=dusunbil-sayi-54","title":{"rendered":"D\u00fc\u015f\u00fcnbil Say\u0131 54"},"content":{"rendered":"<p><span style=\"color: #000000\">Wittgenstein\u2019\u0131n Unutulmu\u015f Dersi<\/span><br \/>\n<span style=\"color: #000000\">Ray Monk<\/span><br \/>\n<span style=\"color: #000000\">\u00c7eviren: Merve Can<\/span><\/p>\n<p><span style=\"color: #000000\">\u201cDil Oyunu\u201dnun Metafizik \u2018Stat\u00fcs\u00fc\u2019 \u00dczerine<\/span><br \/>\n<span style=\"color: #000000\">Yazan: Umut Karag\u00f6z<\/span><\/p>\n<p><span style=\"color: #000000\">Wittgenstein\u2019\u0131n D\u00fc\u015fleri (Descartes\u2019\u0131nkilere Benzer mi?)<\/span><br \/>\n<span style=\"color: #000000\">Yazan: Do\u011fan Eri\u015fen<\/span><\/p>\n<p><span style=\"color: #000000\">Wittgenstein\u2019da Bir S\u00f6ylem Olarak Felsefi Sorunlar<\/span><br \/>\n<span style=\"color: #000000\">Yazan: \u0130brahim Halil Kayacan<\/span><\/p>\n<p><span style=\"color: #000000\">K\u00f6r Kesinlik? Wittgenstein\u2019\u0131n Kesinlik \u00dczerine\u2019sindeki Rasyonel Hayvan<\/span><br \/>\n<span style=\"color: #000000\">Yazan: Miltos Theodossiou<\/span><br \/>\n<span style=\"color: #000000\">\u00c7eviren: Zeynep \u015eenel Gencer<\/span><\/p>\n<p><span style=\"color: #000000\">Hakk\u0131nda Konu\u015fulamayacak Do\u011frular Var m\u0131d\u0131r?<\/span><br \/>\n<span style=\"color: #000000\">Yazan: Joe Humphreys<\/span><br \/>\n<span style=\"color: #000000\">\u00c7eviren: \u015eebnem Ertan<\/span><\/p>\n<p><span style=\"color: #000000\">Felsefeyle Mizah\u0131n Ahenkle Dans\u0131<\/span><br \/>\n<span style=\"color: #000000\">Yazan: Artun Gebenlio\u011flu<\/span><\/p>\n<p><span style=\"color: #000000\">D\u00fcnya Edebiyat\u0131ndan Bir \u00dcstinsan Portresi: Aleksi Zorba<\/span><br \/>\n<span style=\"color: #000000\">Yazan: An\u0131l \u00d6zden<\/span><\/p>\n<p><span style=\"color: #000000\">F.W. Nietzsche\u2019de Ahlak Agnes Heller, Ross Pool ve Gilles Delezue Yorumuyla<\/span><br \/>\n<span style=\"color: #000000\">Yazan: \u00d6. Nilay Erbalaban G\u00fcrb\u00fcz<\/span><\/p>\n<p><span style=\"color: #000000\">Arzu \u0130htiya\u00e7 Politika Ekseninde Hegel\u2019de Bilin\u00e7d\u0131\u015f\u0131n\u0131n \u0130mk\u00e2n\u0131<\/span><br \/>\n<span style=\"color: #000000\">Yazan: Derya \u00d6l\u00e7ener<\/span><\/p>\n<p><span style=\"color: #000000\">\u2018G\u00f6del\u2019in Bilime \u00c7izdi\u011fi S\u0131n\u0131rlar\u2019\u0131n Yorumu!<\/span><br \/>\n<span style=\"color: #000000\">Yazan: Muhammet Ayal<\/span><\/p>\n<p><span style=\"color: #000000\">S\u00f6yle\u015fi: Do\u011fan G\u00f6\u00e7men<\/span><br \/>\n<span style=\"color: #000000\">Olcay Y\u0131lmaz<\/span><\/p>\n<p><span style=\"color: #000000\">E\u011fitimde Felsefeye Duyulan Acil \u0130htiya\u00e7<\/span><br \/>\n<span style=\"color: #000000\">Yazan: Charlotte Blease<\/span><br \/>\n<span style=\"color: #000000\">\u00c7eviri: \u015eebnem Ertan<\/span><\/p>\n<p><span style=\"color: #000000\">Haber ve Duyurular<\/span><\/p>\n","protected":false},"excerpt":{"rendered":"<p>Wittgenstein\u2019\u0131n Unutulmu\u015f Dersi Ray Monk \u00c7eviren: Merve Can \u201cDil Oyunu\u201dnun Metafizik \u2018Stat\u00fcs\u00fc\u2019 \u00dczerine Yazan: Umut Karag\u00f6z Wittgenstein\u2019\u0131n D\u00fc\u015fleri (Descartes\u2019\u0131nkilere Benzer mi?) Yazan: Do\u011fan Eri\u015fen Wittgenstein\u2019da Bir S\u00f6ylem Olarak Felsefi Sorunlar<\/p>\n","protected":false},"featured_media":164,"comment_status":"open","ping_status":"closed","template":"","meta":[],"product_cat":[21],"product_tag":[23,30,24,25,31],"class_list":{"0":"post-134","1":"product","2":"type-product","3":"status-publish","4":"has-post-thumbnail","6":"product_cat-magazine","7":"product_tag-dergi","8":"product_tag-dil-felsefesi","9":"product_tag-dusunbil","10":"product_tag-felsefe","11":"product_tag-wittgenstein","13":"first","14":"outofstock","15":"shipping-taxable","16":"purchasable","17":"product-type-simple"},"_links":{"self":[{"href":"https:\/\/www.vintape.org\/index.php?rest_route=\/wp\/v2\/product\/134","targetHints":{"allow":["GET"]}}],"collection":[{"href":"https:\/\/www.vintape.org\/index.php?rest_route=\/wp\/v2\/product"}],"about":[{"href":"https:\/\/www.vintape.org\/index.php?rest_route=\/wp\/v2\/types\/product"}],"replies":[{"embeddable":true,"href":"https:\/\/www.vintape.org\/index.php?rest_route=%2Fwp%2Fv2%2Fcomments&post=134"}],"version-history":[{"count":0,"href":"https:\/\/www.vintape.org\/index.php?rest_route=\/wp\/v2\/product\/134\/revisions"}],"wp:featuredmedia":[{"embeddable":true,"href":"https:\/\/www.vintape.org\/index.php?rest_route=\/wp\/v2\/media\/164"}],"wp:attachment":[{"href":"https:\/\/www.vintape.org\/index.php?rest_route=%2Fwp%2Fv2%2Fmedia&parent=134"}],"wp:term":[{"taxonomy":"product_cat","embeddable":true,"href":"https:\/\/www.vintape.org\/index.php?rest_route=%2Fwp%2Fv2%2Fproduct_cat&post=134"},{"taxonomy":"product_tag","embeddable":true,"href":"https:\/\/www.vintape.org\/index.php?rest_route=%2Fwp%2Fv2%2Fproduct_tag&post=134"}],"curies":[{"name":"wp","href":"https:\/\/api.w.org\/{rel}","templated":true}]}}