{"id":129,"date":"2019-10-04T01:05:43","date_gmt":"2019-10-03T22:05:43","guid":{"rendered":"https:\/\/www.vintape.org\/urun\/import-placeholder-for-477\/"},"modified":"2019-10-04T01:05:49","modified_gmt":"2019-10-03T22:05:49","slug":"dusunbil-sayi-50","status":"publish","type":"product","link":"https:\/\/www.vintape.org\/?product=dusunbil-sayi-50","title":{"rendered":"D\u00fc\u015f\u00fcnbil Say\u0131 50"},"content":{"rendered":"<p><span style=\"color: #000000;\">Karl Popper ve Yanl\u0131\u015flamac\u0131l\u0131k<\/span><br \/>\n<span style=\"color: #000000;\"> Hasan \u00c7avu\u015f<\/span><\/p>\n<p><span style=\"color: #000000;\">Bilim Nedir? S\u00f6zdebilim Nedir? Karl Popper\u2019\u0131n \u00c7\u00f6z\u00fcm\u00fc<\/span><br \/>\n<span style=\"color: #000000;\"> Jacob Schriftman<\/span><br \/>\n<span style=\"color: #000000;\"> \u00c7eviren: Emre Eyol<\/span><\/p>\n<p><span style=\"color: #000000;\">Karl Popper\u2019da Yanl\u0131\u015flamac\u0131l\u0131k<\/span><br \/>\n<span style=\"color: #000000;\"> Michael Zerella<\/span><br \/>\n<span style=\"color: #000000;\"> \u00c7eviren: Meltem \u00c7etin-Sever<\/span><\/p>\n<p><span style=\"color: #000000;\">Freud ve Popper Aras\u0131nda<\/span><br \/>\n<span style=\"color: #000000;\"> Yazan: Joseph Agassi<\/span><br \/>\n<span style=\"color: #000000;\"> \u00c7eviren: An\u0131l \u00d6zden<\/span><\/p>\n<p><span style=\"color: #000000;\">Popper\u2019a Kar\u015f\u0131 Kuhn: Bilimin Ruhu U\u011fruna M\u00fccadele<\/span><br \/>\n<span style=\"color: #000000;\"> Steve Fuller<\/span><br \/>\n<span style=\"color: #000000;\"> \u00c7eviren: Ferhat Bay\u0131k<\/span><\/p>\n<p><span style=\"color: #000000;\">Hawking Felsefeye Kar\u015f\u0131<\/span><br \/>\n<span style=\"color: #000000;\"> Cristopher Norris<\/span><br \/>\n<span style=\"color: #000000;\"> \u00c7eviren: Damla Tufan<\/span><\/p>\n<p><span style=\"color: #000000;\">Zizek\u2019de Lacan ve Karl Popper<\/span><br \/>\n<span style=\"color: #000000;\"> S.C. Hickman<\/span><br \/>\n<span style=\"color: #000000;\"> \u00c7eviren: Cemre Topcu<\/span><\/p>\n<p><span style=\"color: #000000;\">2015 Nobel Kimya \u00d6d\u00fcl\u00fc Kim-Neden Ald\u0131?<\/span><br \/>\n<span style=\"color: #000000;\"> Cemre Topcu<\/span><\/p>\n<p><span style=\"color: #000000;\">Kitle Psikolojisi ve \u0130taatin \u0130n\u015fas\u0131<\/span><br \/>\n<span style=\"color: #000000;\"> \u00dcmit Ninova<\/span><\/p>\n<p><span style=\"color: #000000;\">Bilim, Felsefe ve Ger\u00e7eklik<\/span><br \/>\n<span style=\"color: #000000;\"> \u0130lker \u00c7a\u011fatay \u00c2\u015f\u0131k<\/span><\/p>\n<p><span style=\"color: #000000;\">Akl\u0131n Arkeolojisi<\/span><br \/>\n<span style=\"color: #000000;\"> Engin Erkiner<\/span><\/p>\n<p><span style=\"color: #000000;\">G\u00f6stergebilimsel A\u00e7\u0131dan Foto\u011fraf\u0131n Felsefi Anlam\u0131 ve Yorumu<\/span><br \/>\n<span style=\"color: #000000;\"> Abdullah \u015eevki<\/span><\/p>\n<p><span style=\"color: #000000;\">Bokun Sosyolojisi<\/span><br \/>\n<span style=\"color: #000000;\"> H. \u0130brahim T\u00fcrkdo\u011fan<\/span><\/p>\n<p><span style=\"color: #000000;\">\u2018Ke\u015ffedilmemi\u015f\u2019 Ortak Benlik<\/span><br \/>\n<span style=\"color: #000000;\"> Dr. Mustafa Tatl\u0131<\/span><\/p>\n<p><span style=\"color: #000000;\">Haber ve Duyurular<\/span><\/p>\n<p><span style=\"color: #000000;\">Bize Gelen Kitap ve Dergiler<\/span><\/p>\n","protected":false},"excerpt":{"rendered":"<p>Karl Popper ve Yanl\u0131\u015flamac\u0131l\u0131k Hasan \u00c7avu\u015f Bilim Nedir? S\u00f6zdebilim Nedir? Karl Popper\u2019\u0131n \u00c7\u00f6z\u00fcm\u00fc Jacob Schriftman \u00c7eviren: Emre Eyol Karl Popper\u2019da Yanl\u0131\u015flamac\u0131l\u0131k Michael Zerella \u00c7eviren: Meltem \u00c7etin-Sever Freud ve Popper Aras\u0131nda<\/p>\n","protected":false},"featured_media":159,"comment_status":"open","ping_status":"closed","template":"","meta":[],"product_cat":[21],"product_tag":[],"class_list":{"0":"post-129","1":"product","2":"type-product","3":"status-publish","4":"has-post-thumbnail","6":"product_cat-magazine","8":"first","9":"outofstock","10":"shipping-taxable","11":"purchasable","12":"product-type-simple"},"_links":{"self":[{"href":"https:\/\/www.vintape.org\/index.php?rest_route=\/wp\/v2\/product\/129","targetHints":{"allow":["GET"]}}],"collection":[{"href":"https:\/\/www.vintape.org\/index.php?rest_route=\/wp\/v2\/product"}],"about":[{"href":"https:\/\/www.vintape.org\/index.php?rest_route=\/wp\/v2\/types\/product"}],"replies":[{"embeddable":true,"href":"https:\/\/www.vintape.org\/index.php?rest_route=%2Fwp%2Fv2%2Fcomments&post=129"}],"version-history":[{"count":0,"href":"https:\/\/www.vintape.org\/index.php?rest_route=\/wp\/v2\/product\/129\/revisions"}],"wp:featuredmedia":[{"embeddable":true,"href":"https:\/\/www.vintape.org\/index.php?rest_route=\/wp\/v2\/media\/159"}],"wp:attachment":[{"href":"https:\/\/www.vintape.org\/index.php?rest_route=%2Fwp%2Fv2%2Fmedia&parent=129"}],"wp:term":[{"taxonomy":"product_cat","embeddable":true,"href":"https:\/\/www.vintape.org\/index.php?rest_route=%2Fwp%2Fv2%2Fproduct_cat&post=129"},{"taxonomy":"product_tag","embeddable":true,"href":"https:\/\/www.vintape.org\/index.php?rest_route=%2Fwp%2Fv2%2Fproduct_tag&post=129"}],"curies":[{"name":"wp","href":"https:\/\/api.w.org\/{rel}","templated":true}]}}