{"id":128,"date":"2019-10-04T01:05:42","date_gmt":"2019-10-03T22:05:42","guid":{"rendered":"https:\/\/www.vintape.org\/urun\/import-placeholder-for-423\/"},"modified":"2019-10-04T01:05:48","modified_gmt":"2019-10-03T22:05:48","slug":"dusunbil-sayi-49","status":"publish","type":"product","link":"https:\/\/www.vintape.org\/?product=dusunbil-sayi-49","title":{"rendered":"D\u00fc\u015f\u00fcnbil Say\u0131 49"},"content":{"rendered":"<p><span style=\"color: #000000\">Nietzsche\u2019de Ya\u015fam, \u0130\u00e7g\u00fcd\u00fc ve Ak\u0131l<\/span><br \/>\n<span style=\"color: #000000\">Do\u00e7. Dr. Hamdi Bravo<\/span><\/p>\n<p><span style=\"color: #000000\">Metafizik- Kader ve \u00d6zg\u00fcr \u0130rade<\/span><br \/>\n<span style=\"color: #000000\">Anthony Ross<\/span><br \/>\n<span style=\"color: #000000\">\u00c7eviren: Damla Tufan<\/span><\/p>\n<p><span style=\"color: #000000\">\u00d6zg\u00fcr \u0130rade ve Determinizm<\/span><br \/>\n<span style=\"color: #000000\">Michel Norwitz<\/span><br \/>\n<span style=\"color: #000000\">\u00c7eviren: Ferhat Bay\u0131k<\/span><\/p>\n<p><span style=\"color: #000000\">\u00d6zg\u00fcr \u0130rade ve Ahlak \u00dczerine Bir Manifesto<\/span><br \/>\n<span style=\"color: #000000\">Prof. Dr. \u00d6rsan K. \u00d6ymen<\/span><\/p>\n<p><span style=\"color: #000000\">Akl\u0131n Ahlak\u0131ndan Do\u011fan\u0131n Akl\u0131na Etik<\/span><br \/>\n<span style=\"color: #000000\">Suat K\u0131l\u0131\u00e7<\/span><\/p>\n<p><span style=\"color: #000000\">\u00d6zg\u00fcr \u0130rade: Bilim \u0130nsanlar\u0131 Filozoflara Kar\u015f\u0131<\/span><br \/>\n<span style=\"color: #000000\">Neil Levy<\/span><br \/>\n<span style=\"color: #000000\">\u00c7eviren: Muhammed Taha Tun\u00e7<\/span><\/p>\n<p><span style=\"color: #000000\">\u00d6zg\u00fcr \u0130rade, Kadercilik ve Belirlenimcilik<\/span><br \/>\n<span style=\"color: #000000\">Martin O\u2019hagan<\/span><br \/>\n<span style=\"color: #000000\">\u00c7eviren: Ozan Zalo\u011flu<\/span><\/p>\n<p><span style=\"color: #000000\">\u00d6zg\u00fcr \u0130rade ve Beynimizin %90\u2019\u0131 Kime Ait?<\/span><br \/>\n<span style=\"color: #000000\">Olcay Y\u0131lmaz<\/span><\/p>\n<p><span style=\"color: #000000\">Felsefe, Sinirbilim ve Psikoloji \u0130\u00e7inde\u00a0\u00d6zg\u00fcr \u0130rade Tart\u0131\u015fmalar\u0131<\/span><br \/>\n<span style=\"color: #000000\">Elif Helvac\u0131<\/span><\/p>\n<p><span style=\"color: #000000\">Diyalektik Bir Kar\u015f\u0131tl\u0131k Olarak Do\u011faya Ayk\u0131r\u0131 \u0130nsan ve Do\u011fan\u0131n \u0130nsanla\u015ft\u0131r\u0131lmas\u0131 Sorunsal\u0131<\/span><br \/>\n<span style=\"color: #000000\">Abdullah \u015eevki<\/span><\/p>\n<p><span style=\"color: #000000\">Ahlak ve Bilin\u00e7 \u0130li\u015fkisi<\/span><br \/>\n<span style=\"color: #000000\">Mehmet Mirio\u011flu<\/span><\/p>\n<p><span style=\"color: #000000\">Klasik Ko\u015fullanmadan Otomasyon G\u00fcd\u00fclenmeye<\/span><br \/>\n<span style=\"color: #000000\">\u00dcmit Ninova<\/span><\/p>\n<p><span style=\"color: #000000\">Masallarda \u0130deolojilerin Peki\u015ftirilmesi<\/span><br \/>\n<span style=\"color: #000000\">Olcay Ba\u011f\u0131r<\/span><\/p>\n<p><span style=\"color: #000000\">Martin Scorsese ve Alfred Hitchcock<\/span><br \/>\n<span style=\"color: #000000\">Hesna Bayram<\/span><\/p>\n<p><span style=\"color: #000000\">Post-\u0130deoloji D\u00f6nemine Psikanalitik Bir Bak\u0131\u015f<\/span><br \/>\n<span style=\"color: #000000\">Burak Tel<\/span><\/p>\n<p><span style=\"color: #000000\">Bo\u015fluk \u00dczerine\u2026<\/span><br \/>\n<span style=\"color: #000000\">Abdullah \u015eevki<\/span><\/p>\n<p><span style=\"color: #000000\">Haber ve Duyurular<\/span><\/p>\n<p><span style=\"color: #000000\">Bize Gelen Kitap ve Dergiler<\/span><\/p>\n","protected":false},"excerpt":{"rendered":"<p>Nietzsche\u2019de Ya\u015fam, \u0130\u00e7g\u00fcd\u00fc ve Ak\u0131l Do\u00e7. Dr. Hamdi Bravo Metafizik- Kader ve \u00d6zg\u00fcr \u0130rade Anthony Ross \u00c7eviren: Damla Tufan \u00d6zg\u00fcr \u0130rade ve Determinizm Michel Norwitz \u00c7eviren: Ferhat Bay\u0131k \u00d6zg\u00fcr \u0130rade<\/p>\n","protected":false},"featured_media":158,"comment_status":"open","ping_status":"closed","template":"","meta":[],"product_cat":[21],"product_tag":[],"class_list":{"0":"post-128","1":"product","2":"type-product","3":"status-publish","4":"has-post-thumbnail","6":"product_cat-magazine","8":"first","9":"outofstock","10":"shipping-taxable","11":"purchasable","12":"product-type-simple"},"_links":{"self":[{"href":"https:\/\/www.vintape.org\/index.php?rest_route=\/wp\/v2\/product\/128","targetHints":{"allow":["GET"]}}],"collection":[{"href":"https:\/\/www.vintape.org\/index.php?rest_route=\/wp\/v2\/product"}],"about":[{"href":"https:\/\/www.vintape.org\/index.php?rest_route=\/wp\/v2\/types\/product"}],"replies":[{"embeddable":true,"href":"https:\/\/www.vintape.org\/index.php?rest_route=%2Fwp%2Fv2%2Fcomments&post=128"}],"version-history":[{"count":0,"href":"https:\/\/www.vintape.org\/index.php?rest_route=\/wp\/v2\/product\/128\/revisions"}],"wp:featuredmedia":[{"embeddable":true,"href":"https:\/\/www.vintape.org\/index.php?rest_route=\/wp\/v2\/media\/158"}],"wp:attachment":[{"href":"https:\/\/www.vintape.org\/index.php?rest_route=%2Fwp%2Fv2%2Fmedia&parent=128"}],"wp:term":[{"taxonomy":"product_cat","embeddable":true,"href":"https:\/\/www.vintape.org\/index.php?rest_route=%2Fwp%2Fv2%2Fproduct_cat&post=128"},{"taxonomy":"product_tag","embeddable":true,"href":"https:\/\/www.vintape.org\/index.php?rest_route=%2Fwp%2Fv2%2Fproduct_tag&post=128"}],"curies":[{"name":"wp","href":"https:\/\/api.w.org\/{rel}","templated":true}]}}