{"id":1034,"date":"2022-12-18T15:47:39","date_gmt":"2022-12-18T14:47:39","guid":{"rendered":"https:\/\/www.vintape.org\/?post_type=product&#038;p=1034"},"modified":"2026-03-29T16:48:25","modified_gmt":"2026-03-29T15:48:25","slug":"ibrahim-tatlises-aci-gercekler-lp","status":"publish","type":"product","link":"https:\/\/www.vintape.org\/?product=ibrahim-tatlises-aci-gercekler-lp","title":{"rendered":"\u0130brahim Tatl\u0131ses &#8211; Ac\u0131 Ger\u00e7ekler (LP)"},"content":{"rendered":"<p>\u0130brahim Tatl\u0131ses &#8211; Ac\u0131 Ger\u00e7ekler (Plak)<\/p>\n<p><u><strong>A Y\u00fcz\u00fc:<\/strong><\/u><\/p>\n<ol>\n<li>Bu da Ge\u00e7er<\/li>\n<li>Ac\u0131 Ger\u00e7ekler<\/li>\n<li>Bir Kulunu \u00c7ok Sevdim<\/li>\n<li>Ayr\u0131l\u0131k Kolay De\u011fil<\/li>\n<li>G\u00fclmemiz Gerek<\/li>\n<\/ol>\n<p><u><strong>B Y\u00fcz\u00fc:<\/strong><\/u><\/p>\n<ol>\n<li>Ya\u015famak Bu De\u011fil<\/li>\n<li>Seni Yakacaklar<\/li>\n<li>\u00d6l\u00fcrsem Kabrime Gelme \u0130stemem<\/li>\n<li>Mutlu Ol Yeter<\/li>\n<li>Aya\u011f\u0131nda Kundura<\/li>\n<\/ol>\n","protected":false},"excerpt":{"rendered":"<p>\u0130brahim Tatl\u0131ses &#8211; Ac\u0131 Ger\u00e7ekler (Plak) A Y\u00fcz\u00fc: Bu da Ge\u00e7er Ac\u0131 Ger\u00e7ekler Bir Kulunu \u00c7ok Sevdim Ayr\u0131l\u0131k Kolay De\u011fil G\u00fclmemiz Gerek B Y\u00fcz\u00fc: Ya\u015famak Bu De\u011fil Seni Yakacaklar \u00d6l\u00fcrsem<\/p>\n","protected":false},"featured_media":1035,"comment_status":"open","ping_status":"closed","template":"","meta":[],"product_cat":[173],"product_tag":[245,226,191,190],"class_list":{"0":"post-1034","1":"product","2":"type-product","3":"status-publish","4":"has-post-thumbnail","6":"product_cat-vinyl","7":"product_tag-aci-gercekler","8":"product_tag-ibrahim-tatlises","9":"product_tag-lp","10":"product_tag-vinyl","12":"first","13":"instock","14":"shipping-taxable","15":"purchasable","16":"product-type-simple"},"_links":{"self":[{"href":"https:\/\/www.vintape.org\/index.php?rest_route=\/wp\/v2\/product\/1034","targetHints":{"allow":["GET"]}}],"collection":[{"href":"https:\/\/www.vintape.org\/index.php?rest_route=\/wp\/v2\/product"}],"about":[{"href":"https:\/\/www.vintape.org\/index.php?rest_route=\/wp\/v2\/types\/product"}],"replies":[{"embeddable":true,"href":"https:\/\/www.vintape.org\/index.php?rest_route=%2Fwp%2Fv2%2Fcomments&post=1034"}],"version-history":[{"count":0,"href":"https:\/\/www.vintape.org\/index.php?rest_route=\/wp\/v2\/product\/1034\/revisions"}],"wp:featuredmedia":[{"embeddable":true,"href":"https:\/\/www.vintape.org\/index.php?rest_route=\/wp\/v2\/media\/1035"}],"wp:attachment":[{"href":"https:\/\/www.vintape.org\/index.php?rest_route=%2Fwp%2Fv2%2Fmedia&parent=1034"}],"wp:term":[{"taxonomy":"product_cat","embeddable":true,"href":"https:\/\/www.vintape.org\/index.php?rest_route=%2Fwp%2Fv2%2Fproduct_cat&post=1034"},{"taxonomy":"product_tag","embeddable":true,"href":"https:\/\/www.vintape.org\/index.php?rest_route=%2Fwp%2Fv2%2Fproduct_tag&post=1034"}],"curies":[{"name":"wp","href":"https:\/\/api.w.org\/{rel}","templated":true}]}}