{"id":1021,"date":"2022-12-18T13:35:29","date_gmt":"2022-12-18T12:35:29","guid":{"rendered":"https:\/\/www.vintape.org\/?post_type=product&#038;p=1021"},"modified":"2026-04-13T15:14:38","modified_gmt":"2026-04-13T14:14:38","slug":"neset-ertas-mapushanelere-gunes-dogmuyor-lp","status":"publish","type":"product","link":"https:\/\/www.vintape.org\/?product=neset-ertas-mapushanelere-gunes-dogmuyor-lp","title":{"rendered":"Ne\u015fet Erta\u015f &#8211; Mapushanelere G\u00fcne\u015f Do\u011fmuyor (LP)"},"content":{"rendered":"<p><strong>A Y\u00fcz\u00fc:<\/p>\n<p>1- Viran Da\u011flar<br \/>\n2- Gelin Gelin<br \/>\n3- Mapushanelere G\u00fcne\u015f Do\u011fmuyor<br \/>\n4- Aya\u015f Yollar\u0131ndan<br \/>\n5- Av\u015far Bozla\u011f\u0131<\/p>\n<p>B Y\u00fcz\u00fc:<\/p>\n<p>1- Sen \u00c7i\u00e7eksin Ben Ar\u0131<br \/>\n2- Kendim Ettim Kendim Buldum<br \/>\n3- Bad\u0131 Sabah<br \/>\n4- G\u00fczel Ne Edeceksin Bu Kadar Mal\u0131<br \/>\n5- Sen Benimsin Ben Senin<\/strong><\/p>\n","protected":false},"excerpt":{"rendered":"<p>A Y\u00fcz\u00fc: 1- Viran Da\u011flar 2- Gelin Gelin 3- Mapushanelere G\u00fcne\u015f Do\u011fmuyor 4- Aya\u015f Yollar\u0131ndan 5- Av\u015far Bozla\u011f\u0131 B Y\u00fcz\u00fc: 1- Sen \u00c7i\u00e7eksin Ben Ar\u0131 2- Kendim Ettim Kendim Buldum<\/p>\n","protected":false},"featured_media":1022,"comment_status":"open","ping_status":"closed","template":"","meta":[],"product_cat":[173],"product_tag":[191,241,240,190],"class_list":{"0":"post-1021","1":"product","2":"type-product","3":"status-publish","4":"has-post-thumbnail","6":"product_cat-vinyl","7":"product_tag-lp","8":"product_tag-mapushanelere-gunes-dogmuyor","9":"product_tag-neset-ertas","10":"product_tag-vinyl","12":"first","13":"instock","14":"shipping-taxable","15":"purchasable","16":"product-type-simple"},"_links":{"self":[{"href":"https:\/\/www.vintape.org\/index.php?rest_route=\/wp\/v2\/product\/1021","targetHints":{"allow":["GET"]}}],"collection":[{"href":"https:\/\/www.vintape.org\/index.php?rest_route=\/wp\/v2\/product"}],"about":[{"href":"https:\/\/www.vintape.org\/index.php?rest_route=\/wp\/v2\/types\/product"}],"replies":[{"embeddable":true,"href":"https:\/\/www.vintape.org\/index.php?rest_route=%2Fwp%2Fv2%2Fcomments&post=1021"}],"version-history":[{"count":0,"href":"https:\/\/www.vintape.org\/index.php?rest_route=\/wp\/v2\/product\/1021\/revisions"}],"wp:featuredmedia":[{"embeddable":true,"href":"https:\/\/www.vintape.org\/index.php?rest_route=\/wp\/v2\/media\/1022"}],"wp:attachment":[{"href":"https:\/\/www.vintape.org\/index.php?rest_route=%2Fwp%2Fv2%2Fmedia&parent=1021"}],"wp:term":[{"taxonomy":"product_cat","embeddable":true,"href":"https:\/\/www.vintape.org\/index.php?rest_route=%2Fwp%2Fv2%2Fproduct_cat&post=1021"},{"taxonomy":"product_tag","embeddable":true,"href":"https:\/\/www.vintape.org\/index.php?rest_route=%2Fwp%2Fv2%2Fproduct_tag&post=1021"}],"curies":[{"name":"wp","href":"https:\/\/api.w.org\/{rel}","templated":true}]}}