{"id":1000,"date":"2022-12-18T13:15:27","date_gmt":"2022-12-18T12:15:27","guid":{"rendered":"https:\/\/www.vintape.org\/?post_type=product&#038;p=1000"},"modified":"2025-09-03T03:46:17","modified_gmt":"2025-09-03T02:46:17","slug":"zeki-muren-turk-sanat-muzigi-klasikleri-lp","status":"publish","type":"product","link":"https:\/\/www.vintape.org\/?product=zeki-muren-turk-sanat-muzigi-klasikleri-lp","title":{"rendered":"Zeki M\u00fcren &#8211; T\u00fcrk Sanat M\u00fczi\u011fi Klasikleri (LP)"},"content":{"rendered":"<p><strong>Zeki M\u00fcren &#8211; T\u00fcrk Sanat M\u00fczi\u011fi Klasikleri &#8211; Plak<\/strong><\/p>\n<p>1. U\u015f\u015fak Pe\u015frevi<br \/>\n2. Kimseler Gelmez Senin Feryad-\u0131 Ate\u015f Bar\u0131na Bar\u0131na<br \/>\n3. G\u00fcl Y\u00fczlerin \u015eevkine Gel N\u00fc\u015fedelim Mey<br \/>\n4. Ba\u011f-\u0131 H\u00fcsn\u00fcn O G\u00fczel G\u00fclleri Soldu<br \/>\n5. Cana Rakibi Handan Edersin<br \/>\n6. Gittin Bu Gidi\u015f Bence \u00d6l\u00fcmden de Beterdi<br \/>\n7. Ne Yapt\u0131m Kendimi Nas\u0131l Aldatt\u0131m<br \/>\n8. Derdimden Anlayan Yok<br \/>\n9. Segah Pe\u015frevi<br \/>\n10. Tut-i Mucize Guyem Ne Desem Laf De\u011fil<br \/>\n11. Dil Harab-\u0131 A\u015fk\u0131n\u0131m Sensin Sebep Berbad\u0131ma<br \/>\n12. \u00d6l\u00fcrsem Yaz\u0131kt\u0131r Sana Kanmadan<br \/>\n13. Haleli G\u00f6zlerin Hayale D\u00f6nd\u00fc<br \/>\n14. Hicran Yine Hicran m\u0131 Bu Ak\u0131n Sonu B\u00f6yle<br \/>\n15. Bu Ne Sevgi Ah Bu Ne Izd\u0131rap<br \/>\n16. \u0130ndim Havuz Ba\u015f\u0131nda<br \/>\n17. Dost Bildiklerim<\/p>\n","protected":false},"excerpt":{"rendered":"<p>Zeki M\u00fcren &#8211; T\u00fcrk Sanat M\u00fczi\u011fi Klasikleri &#8211; Plak 1. U\u015f\u015fak Pe\u015frevi 2. Kimseler Gelmez Senin Feryad-\u0131 Ate\u015f Bar\u0131na Bar\u0131na 3. G\u00fcl Y\u00fczlerin \u015eevkine Gel N\u00fc\u015fedelim Mey 4. Ba\u011f-\u0131 H\u00fcsn\u00fcn<\/p>\n","protected":false},"featured_media":1001,"comment_status":"open","ping_status":"closed","template":"","meta":[],"product_cat":[173],"product_tag":[191,234,190,233],"class_list":{"0":"post-1000","1":"product","2":"type-product","3":"status-publish","4":"has-post-thumbnail","6":"product_cat-vinyl","7":"product_tag-lp","8":"product_tag-turk-sanat-muzigi-klasikleri","9":"product_tag-vinyl","10":"product_tag-zeki-muren","12":"first","13":"instock","14":"shipping-taxable","15":"purchasable","16":"product-type-simple"},"_links":{"self":[{"href":"https:\/\/www.vintape.org\/index.php?rest_route=\/wp\/v2\/product\/1000","targetHints":{"allow":["GET"]}}],"collection":[{"href":"https:\/\/www.vintape.org\/index.php?rest_route=\/wp\/v2\/product"}],"about":[{"href":"https:\/\/www.vintape.org\/index.php?rest_route=\/wp\/v2\/types\/product"}],"replies":[{"embeddable":true,"href":"https:\/\/www.vintape.org\/index.php?rest_route=%2Fwp%2Fv2%2Fcomments&post=1000"}],"version-history":[{"count":0,"href":"https:\/\/www.vintape.org\/index.php?rest_route=\/wp\/v2\/product\/1000\/revisions"}],"wp:featuredmedia":[{"embeddable":true,"href":"https:\/\/www.vintape.org\/index.php?rest_route=\/wp\/v2\/media\/1001"}],"wp:attachment":[{"href":"https:\/\/www.vintape.org\/index.php?rest_route=%2Fwp%2Fv2%2Fmedia&parent=1000"}],"wp:term":[{"taxonomy":"product_cat","embeddable":true,"href":"https:\/\/www.vintape.org\/index.php?rest_route=%2Fwp%2Fv2%2Fproduct_cat&post=1000"},{"taxonomy":"product_tag","embeddable":true,"href":"https:\/\/www.vintape.org\/index.php?rest_route=%2Fwp%2Fv2%2Fproduct_tag&post=1000"}],"curies":[{"name":"wp","href":"https:\/\/api.w.org\/{rel}","templated":true}]}}